{"id":105539,"date":"2019-07-26T15:36:40","date_gmt":"2019-07-26T13:36:40","guid":{"rendered":"https:\/\/cdiffprom.ch\/produit\/halterung-fuer-thekenablage\/"},"modified":"2019-07-26T15:36:40","modified_gmt":"2019-07-26T13:36:40","slug":"halterung-fuer-thekenablage","status":"publish","type":"product","link":"https:\/\/cdiffprom.ch\/de\/produit\/halterung-fuer-thekenablage\/","title":{"rendered":"HALTERUNG F\u00dcR THEKENABLAGE"},"content":{"rendered":"<h3><strong><span style=\"color: #800000;\">Die Halterung f\u00fcr die Thekenablage<\/span><\/strong><\/h3>\n<p>Diese Thekenhalterung f\u00fcr Tablets ist f\u00fcr alle Tablets mit den maximalen Abmessungen von 270 x 197 x 15 mm vorgesehen. Daher ist er kompatibel mit I&#8217;Pad, Samsung, Asus, Archos, etc. <\/p>\n<p>Auf diese Weise k\u00f6nnen Sie Ihre verschiedenen Werbeangebote auf originelle Weise auf Ihren Schreibtischen und Theken pr\u00e4sentieren.<\/p>\n<p>Die Ausrichtung ist durch Drehen im Hoch- oder Querformat m\u00f6glich, wobei der Bildschirm vollst\u00e4ndig einsehbar ist. Bitte beachten Sie, dass bei diesem Modell der Home-Button nicht gesch\u00fctzt ist. Sie k\u00f6nnen sich unseren <span style=\"color: #800000;\"><a style=\"color: #800000;\" href=\"https:\/\/cdiffprom.ch\/produit\/porte-tablettes-tous-types-de-comptoir-table-antivol\/\">Halterung auf Plexiglasbasis verwenden.<\/a><\/span> um eine unsichtbare Schaltfl\u00e4che zu erhalten.  <\/p>\n<p>Dank des abschlie\u00dfbaren Geh\u00e4uses, das mit 2 Schl\u00fcsseln geliefert wird, sind Sie vor Diebstahl gesch\u00fctzt.<\/p>\n<p>Fragen Sie nach unseren Bedingungen f\u00fcr Mengenrabatte.<\/p>\n<p>Dieser Support ist innerhalb von 10 Tagen nach Eingang Ihrer Bestellung verf\u00fcgbar.<\/p>\n<p>Z\u00f6gern Sie nicht, uns zu kontaktieren. <span style=\"color: #800000;\"><a style=\"color: #800000;\" href=\"https:\/\/cdiffprom.ch\/elements\/contactez-nous\/\">zu kontaktieren.<\/a><\/span> wenn Sie spezielle Fragen haben.<\/p>\n<h4><strong><span style=\"color: #800000;\">Technische Spezifikationen :<br \/>\n<\/span><\/strong><\/h4>\n<p>Gesamtgewicht ohne Tablet 3,1 kg.<\/p>\n<p>Die stabile Metallbasis ist 31,5 cm lang und kann mit einer Schraube an Ihrer Theke oder Arbeitsplatte befestigt werden.<br \/>\nDie Breite der Basis betr\u00e4gt 22,5 cm.<\/p>\n<p>Die H\u00f6he in der Mitte des St\u00e4nders betr\u00e4gt 33 cm. Die Gesamth\u00f6he des St\u00e4nders einschlie\u00dflich des Regalbretts betr\u00e4gt 40 cm.<\/p>\n<p>Degressiver Preis auf Anfrage ab 5 bestellten Medien.<\/p>\n<p>Das Kabel ist nicht im Lieferumfang enthalten.<\/p>\n<p>Sehen Sie sich auch unsere St\u00e4nder f\u00fcr<span style=\"color: #800000;\"><a style=\"color: #800000;\" href=\"https:\/\/cdiffprom.ch\/produit\/support-tablettes-sur-pied\/\"> Standregale<\/a><\/span> um unser gesamtes Sortiment zu sehen.<\/p>\n<h4><span style=\"color: #800000;\"><strong>Vorschl\u00e4ge f\u00fcr die Nutzung<\/strong><\/span> :<\/h4>\n<ul>\n<li>Hotelgewerbe, um Ihren Kunden die verschiedenen Unterbringungsm\u00f6glichkeiten, Zimmer usw. zu zeigen<\/li>\n<li>Reiseb\u00fcros, um Ihre potenziellen oder neuen Kunden von Ihren verschiedenen aktuellen oder speziellen Urlaubsangeboten tr\u00e4umen zu lassen.<\/li>\n<li>Fremdenverkehrsb\u00fcros, um alle M\u00f6glichkeiten Ihres Besuchsprogramms zu pr\u00e4sentieren.<\/li>\n<li>Garagen, um alle Vorteile Ihrer verschiedenen neuen oder gebrauchten Fahrzeugmodelle zu sehen.<\/li>\n<\/ul>\n<p>&nbsp;<\/p>\n<p>&nbsp;<\/p>\n<p>&nbsp;<\/p>\n<p>&nbsp;<\/p>\n<p>&nbsp;<\/p>\n<p>&nbsp;<\/p>\n","protected":false},"excerpt":{"rendered":"<p>Praktischer, diebstahlsicherer Thekenst\u00e4nder f\u00fcr alle Tabletgr\u00f6\u00dfen im Hoch- oder Querformat.<\/p>\n","protected":false},"featured_media":103226,"template":"","meta":{"slim_seo":{"title":"HALTERUNG F\u00dcR THEKENABLAGE - Suisse - C.Diff-Prom","description":"Praktischer, diebstahlsicherer Thekenst\u00e4nder f\u00fcr alle Tabletgr\u00f6\u00dfen im Hoch- oder Querformat."}},"product_brand":[],"product_cat":[6359,6376],"product_tag":[6378],"class_list":{"0":"post-105539","1":"product","2":"type-product","3":"status-publish","4":"has-post-thumbnail","6":"product_cat-multimedia-de","7":"product_cat-tablethalter","8":"product_tag-tablet-stander","10":"first","11":"instock","12":"taxable","13":"shipping-taxable","14":"purchasable","15":"product-type-simple"},"_links":{"self":[{"href":"https:\/\/cdiffprom.ch\/de\/wp-json\/wp\/v2\/product\/105539","targetHints":{"allow":["GET"]}}],"collection":[{"href":"https:\/\/cdiffprom.ch\/de\/wp-json\/wp\/v2\/product"}],"about":[{"href":"https:\/\/cdiffprom.ch\/de\/wp-json\/wp\/v2\/types\/product"}],"wp:featuredmedia":[{"embeddable":true,"href":"https:\/\/cdiffprom.ch\/de\/wp-json\/wp\/v2\/media\/103226"}],"wp:attachment":[{"href":"https:\/\/cdiffprom.ch\/de\/wp-json\/wp\/v2\/media?parent=105539"}],"wp:term":[{"taxonomy":"product_brand","embeddable":true,"href":"https:\/\/cdiffprom.ch\/de\/wp-json\/wp\/v2\/product_brand?post=105539"},{"taxonomy":"product_cat","embeddable":true,"href":"https:\/\/cdiffprom.ch\/de\/wp-json\/wp\/v2\/product_cat?post=105539"},{"taxonomy":"product_tag","embeddable":true,"href":"https:\/\/cdiffprom.ch\/de\/wp-json\/wp\/v2\/product_tag?post=105539"}],"curies":[{"name":"wp","href":"https:\/\/api.w.org\/{rel}","templated":true}]}}

HALTERUNG FÜR THEKENABLAGE

<h3><strong><span style="color: #800000;">Die Halterung für die Thekenablage</span></strong></h3>
<p>Diese Thekenhalterung für Tablets ist für alle Tablets mit den maximalen Abmessungen von 270 x 197 x 15 mm vorgesehen. Daher ist er kompatibel mit I&#8217;Pad, Samsung, Asus, Archos, etc. </p>
<p>Auf diese Weise können Sie Ihre verschiedenen Werbeangebote auf originelle Weise auf Ihren Schreibtischen und Theken präsentieren.</p>
<p>Die Ausrichtung ist durch Drehen im Hoch- oder Querformat möglich, wobei der Bildschirm vollständig einsehbar ist. Bitte beachten Sie, dass bei diesem Modell der Home-Button nicht geschützt ist. Sie können sich unseren <span style="color: #800000;"><a style="color: #800000;" href="https://cdiffprom.ch/produit/porte-tablettes-tous-types-de-comptoir-table-antivol/">Halterung auf Plexiglasbasis verwenden.</a></span> um eine unsichtbare Schaltfläche zu erhalten.  </p>
<p>Dank des abschließbaren Gehäuses, das mit 2 Schlüsseln geliefert wird, sind Sie vor Diebstahl geschützt.</p>
<p>Fragen Sie nach unseren Bedingungen für Mengenrabatte.</p>
<p>Dieser Support ist innerhalb von 10 Tagen nach Eingang Ihrer Bestellung verfügbar.</p>
<p>Zögern Sie nicht, uns zu kontaktieren. <span style="color: #800000;"><a style="color: #800000;" href="https://cdiffprom.ch/elements/contactez-nous/">zu kontaktieren.</a></span> wenn Sie spezielle Fragen haben.</p>
<h4><strong><span style="color: #800000;">Technische Spezifikationen :<br />
</span></strong></h4>
<p>Gesamtgewicht ohne Tablet 3,1 kg.</p>
<p>Die stabile Metallbasis ist 31,5 cm lang und kann mit einer Schraube an Ihrer Theke oder Arbeitsplatte befestigt werden.<br />
Die Breite der Basis beträgt 22,5 cm.</p>
<p>Die Höhe in der Mitte des Ständers beträgt 33 cm. Die Gesamthöhe des Ständers einschließlich des Regalbretts beträgt 40 cm.</p>
<p>Degressiver Preis auf Anfrage ab 5 bestellten Medien.</p>
<p>Das Kabel ist nicht im Lieferumfang enthalten.</p>
<p>Sehen Sie sich auch unsere Ständer für<span style="color: #800000;"><a style="color: #800000;" href="https://cdiffprom.ch/produit/support-tablettes-sur-pied/"> Standregale</a></span> um unser gesamtes Sortiment zu sehen.</p>
<h4><span style="color: #800000;"><strong>Vorschläge für die Nutzung</strong></span> :</h4>
<ul>
<li>Hotelgewerbe, um Ihren Kunden die verschiedenen Unterbringungsmöglichkeiten, Zimmer usw. zu zeigen</li>
<li>Reisebüros, um Ihre potenziellen oder neuen Kunden von Ihren verschiedenen aktuellen oder speziellen Urlaubsangeboten träumen zu lassen.</li>
<li>Fremdenverkehrsbüros, um alle Möglichkeiten Ihres Besuchsprogramms zu präsentieren.</li>
<li>Garagen, um alle Vorteile Ihrer verschiedenen neuen oder gebrauchten Fahrzeugmodelle zu sehen.</li>
</ul>
<p>&nbsp;</p>
<p>&nbsp;</p>
<p>&nbsp;</p>
<p>&nbsp;</p>
<p>&nbsp;</p>
<p>&nbsp;</p>

<p>Praktischer, diebstahlsicherer Thekenständer für alle Tabletgrößen im Hoch- oder Querformat.</p>

HALTERUNG FÜR THEKENABLAGE - Suisse - C.Diff-Prom

Praktischer, diebstahlsicherer Thekenständer für alle Tabletgrößen im Hoch- oder Querformat.
