{"id":105853,"date":"2019-07-26T12:49:20","date_gmt":"2019-07-26T10:49:20","guid":{"rendered":"https:\/\/cdiffprom.ch\/produit\/konferenzpult-aus-gehaertetem-glas\/"},"modified":"2019-07-26T12:49:20","modified_gmt":"2019-07-26T10:49:20","slug":"konferenzpult-aus-gehaertetem-glas","status":"publish","type":"product","link":"https:\/\/cdiffprom.ch\/de\/produit\/konferenzpult-aus-gehaertetem-glas\/","title":{"rendered":"Konferenzpult aus geh\u00e4rtetem Glas"},"content":{"rendered":"<h3><span style=\"color: #800000;\"><strong>Konferenzpult aus geh\u00e4rtetem Glas<\/strong><\/span><\/h3>\n<p>Dieses Rednerpult aus geh\u00e4rtetem Glas ist das ideale Zubeh\u00f6r f\u00fcr Ihre Konferenzen oder Sitzungen!<\/p>\n<p>Dank der beiden Ablagen, von denen eine schr\u00e4g gestellt ist, k\u00f6nnen Sie sowohl Ihre Unterlagen als auch Ihren Computer, die Sie f\u00fcr Ihren Vortrag ben\u00f6tigen oder ben\u00f6tigen werden, auf dem Pult ablegen. Dank der 5 Doppelrollen k\u00f6nnen Sie das Pult leicht bewegen. <\/p>\n<h4><span style=\"color: #800000;\"><strong>Merkmale :<\/strong><\/span><\/h4>\n<ul>\n<li>Verchromte Metallstruktur und 5-Stern-Fu\u00dfkreuz (\u00f8 62 cm) mit 5 Doppelrollen, davon 2 mit Bremse.<\/li>\n<li>Gesamth\u00f6he verstellbar (federunterst\u00fctzt) von 105 bis 145 cm<\/li>\n<li>Pultablage, 45\u00b0 geneigt, aus geh\u00e4rtetem Sicherheitsglas H 36 x B 48 cm<\/li>\n<li>Gebogene untere Platte aus geh\u00e4rtetem Sicherheitsglas 26 x 50 cm, verstellbar<\/li>\n<li>Gebogene Frontdekoration aus rauchfarbenem Alu-Glas.<\/li>\n<li>Einfache Montage mit Anleitung<\/li>\n<li>Aufgebauter Platzbedarf: H\u00f6he 105\/145 x Breite 62 x Tiefe 62 cm<\/li>\n<li>Gewicht 15 kg<\/li>\n<\/ul>\n<h4><span style=\"color: #800000;\"><strong>Lieferbedingungen :<br \/>\n<\/strong><\/span><\/h4>\n<p>Zu Ihrer Information: Nach Eingang Ihres Auftrags sind unsere Produkte innerhalb von etwa zehn Tagen lieferbar.<\/p>\n<p>Z\u00f6gern Sie nicht <u><a href=\"https:\/\/cdiffprom.ch\/elements\/contactez-nous\/\"><span style=\"color: #800000;\"><strong>kontaktieren Sie uns bitte.<\/strong><\/span><\/a><\/u> Wenn Sie einen dringenderen Bedarf haben, haben wir immer eine schnellere L\u00f6sung f\u00fcr Sie und k\u00f6nnen Sie auch \u00fcber Rabatte bei Mengenbestellungen informieren.<\/p>\n<p>Einige Artikel k\u00f6nnen eine l\u00e4ngere Lieferzeit in Anspruch nehmen, da sie nicht auf Lager unseres Lieferanten sind. In diesem Fall werden Sie nach Eingang Ihrer Bestellung benachrichtigt. <\/p>\n<p>Wir liefern versandkostenfrei ab einem Bestellwert von CHF. 500.-. Unterhalb dieses Betrags wird eine Pauschale von CHF. 15,90 zu entrichten. <\/p>\n<p>Bei allen Online-Bestellungen f\u00fchren wir immer einen Telefonanruf durch, um sicherzustellen, dass Sie das richtige Produkt f\u00fcr Ihre Bed\u00fcrfnisse ausgew\u00e4hlt haben. So k\u00f6nnen Sie sicher sein, dass Sie die richtige Wahl treffen. <\/p>\n<p>Bitte beachten Sie, dass die Promo-Codes nicht kumulierbar sind und der Rabatt auf Ihrer Bestellung sichtbar ist.<\/p>\n","protected":false},"excerpt":{"rendered":"<p>Ein innovatives, geschwungenes Design aus hochwertigen Materialien! Ideal f\u00fcr die Aufstellung Ihrer Videoprojektionsger\u00e4te! <\/p>\n","protected":false},"featured_media":102756,"template":"","meta":{"slim_seo":{"title":"Konferenzpult aus geh\u00e4rtetem Glas - Suisse - C.Diff-Prom","description":"Ein innovatives, geschwungenes Design aus hochwertigen Materialien! Ideal f\u00fcr die Aufstellung Ihrer Videoprojektionsger\u00e4te!"}},"product_brand":[],"product_cat":[6355,6352],"product_tag":[6393],"class_list":{"0":"post-105853","1":"product","2":"type-product","3":"status-publish","4":"has-post-thumbnail","6":"product_cat-konferenz","7":"product_cat-pult-und-theken","8":"product_tag-pulte-und-theken","10":"first","11":"instock","12":"taxable","13":"shipping-taxable","14":"purchasable","15":"product-type-simple"},"_links":{"self":[{"href":"https:\/\/cdiffprom.ch\/de\/wp-json\/wp\/v2\/product\/105853","targetHints":{"allow":["GET"]}}],"collection":[{"href":"https:\/\/cdiffprom.ch\/de\/wp-json\/wp\/v2\/product"}],"about":[{"href":"https:\/\/cdiffprom.ch\/de\/wp-json\/wp\/v2\/types\/product"}],"wp:featuredmedia":[{"embeddable":true,"href":"https:\/\/cdiffprom.ch\/de\/wp-json\/wp\/v2\/media\/102756"}],"wp:attachment":[{"href":"https:\/\/cdiffprom.ch\/de\/wp-json\/wp\/v2\/media?parent=105853"}],"wp:term":[{"taxonomy":"product_brand","embeddable":true,"href":"https:\/\/cdiffprom.ch\/de\/wp-json\/wp\/v2\/product_brand?post=105853"},{"taxonomy":"product_cat","embeddable":true,"href":"https:\/\/cdiffprom.ch\/de\/wp-json\/wp\/v2\/product_cat?post=105853"},{"taxonomy":"product_tag","embeddable":true,"href":"https:\/\/cdiffprom.ch\/de\/wp-json\/wp\/v2\/product_tag?post=105853"}],"curies":[{"name":"wp","href":"https:\/\/api.w.org\/{rel}","templated":true}]}}

Konferenzpult aus gehärtetem Glas

<h3><span style="color: #800000;"><strong>Konferenzpult aus gehärtetem Glas</strong></span></h3>
<p>Dieses Rednerpult aus gehärtetem Glas ist das ideale Zubehör für Ihre Konferenzen oder Sitzungen!</p>
<p>Dank der beiden Ablagen, von denen eine schräg gestellt ist, können Sie sowohl Ihre Unterlagen als auch Ihren Computer, die Sie für Ihren Vortrag benötigen oder benötigen werden, auf dem Pult ablegen. Dank der 5 Doppelrollen können Sie das Pult leicht bewegen. </p>
<h4><span style="color: #800000;"><strong>Merkmale :</strong></span></h4>
<ul>
<li>Verchromte Metallstruktur und 5-Stern-Fußkreuz (ø 62 cm) mit 5 Doppelrollen, davon 2 mit Bremse.</li>
<li>Gesamthöhe verstellbar (federunterstützt) von 105 bis 145 cm</li>
<li>Pultablage, 45° geneigt, aus gehärtetem Sicherheitsglas H 36 x B 48 cm</li>
<li>Gebogene untere Platte aus gehärtetem Sicherheitsglas 26 x 50 cm, verstellbar</li>
<li>Gebogene Frontdekoration aus rauchfarbenem Alu-Glas.</li>
<li>Einfache Montage mit Anleitung</li>
<li>Aufgebauter Platzbedarf: Höhe 105/145 x Breite 62 x Tiefe 62 cm</li>
<li>Gewicht 15 kg</li>
</ul>
<h4><span style="color: #800000;"><strong>Lieferbedingungen :<br />
</strong></span></h4>
<p>Zu Ihrer Information: Nach Eingang Ihres Auftrags sind unsere Produkte innerhalb von etwa zehn Tagen lieferbar.</p>
<p>Zögern Sie nicht <u><a href="https://cdiffprom.ch/elements/contactez-nous/"><span style="color: #800000;"><strong>kontaktieren Sie uns bitte.</strong></span></a></u> Wenn Sie einen dringenderen Bedarf haben, haben wir immer eine schnellere Lösung für Sie und können Sie auch über Rabatte bei Mengenbestellungen informieren.</p>
<p>Einige Artikel können eine längere Lieferzeit in Anspruch nehmen, da sie nicht auf Lager unseres Lieferanten sind. In diesem Fall werden Sie nach Eingang Ihrer Bestellung benachrichtigt. </p>
<p>Wir liefern versandkostenfrei ab einem Bestellwert von CHF. 500.-. Unterhalb dieses Betrags wird eine Pauschale von CHF. 15,90 zu entrichten. </p>
<p>Bei allen Online-Bestellungen führen wir immer einen Telefonanruf durch, um sicherzustellen, dass Sie das richtige Produkt für Ihre Bedürfnisse ausgewählt haben. So können Sie sicher sein, dass Sie die richtige Wahl treffen. </p>
<p>Bitte beachten Sie, dass die Promo-Codes nicht kumulierbar sind und der Rabatt auf Ihrer Bestellung sichtbar ist.</p>

<p>Ein innovatives, geschwungenes Design aus hochwertigen Materialien! Ideal für die Aufstellung Ihrer Videoprojektionsgeräte! </p>

Konferenzpult aus gehärtetem Glas - Suisse - C.Diff-Prom

Ein innovatives, geschwungenes Design aus hochwertigen Materialien! Ideal für die Aufstellung Ihrer Videoprojektionsgeräte!
