{"id":105931,"date":"2019-07-26T15:17:59","date_gmt":"2019-07-26T13:17:59","guid":{"rendered":"https:\/\/cdiffprom.ch\/produit\/design-mantelstaender\/"},"modified":"2019-07-26T15:17:59","modified_gmt":"2019-07-26T13:17:59","slug":"design-mantelstaender","status":"publish","type":"product","link":"https:\/\/cdiffprom.ch\/de\/produit\/design-mantelstaender\/","title":{"rendered":"Design-Mantelst\u00e4nder"},"content":{"rendered":"<h3><span style=\"color: #800000;\"><strong>Design-Mantelst\u00e4nder<\/strong><\/span><\/h3>\n<p>Brauchen Sie einen Design-Garderobenst\u00e4nder f\u00fcr Ihr B\u00fcro? Dieses Modell wird Ihre Erwartungen erf\u00fcllen! <\/p>\n<h4><span style=\"color: #800000;\"><strong>Merkmale :<\/strong><\/span><\/h4>\n<ul>\n<li>Hellgraue Alu-Metallstruktur auf beschwertem Sockel<\/li>\n<li>Hohe Stabilit\u00e4t, aber leicht zu bewegen<\/li>\n<li>Kleiderhaken mit 8 Kugeln<\/li>\n<li>Integrierter Schirmst\u00e4nder<\/li>\n<li>Einfache Selbstmontage, mit Anleitung<\/li>\n<li>H\u00f6he 181 cm x Durchmesser der Basis 38 cm<\/li>\n<li>Gewicht 4 kg<\/li>\n<\/ul>\n<h4><span style=\"color: #800000;\"><strong>Lieferbedingungen :<br \/>\n<\/strong><\/span><\/h4>\n<p>Zu Ihrer Information: Nach Eingang Ihres Auftrags sind unsere Produkte innerhalb von etwa zehn Tagen lieferbar.<\/p>\n<p>Z\u00f6gern Sie nicht <span style=\"color: #800000;\"><u><a style=\"color: #800000;\" href=\"https:\/\/cdiffprom.ch\/elements\/contactez-nous\/\">uns zu kontaktieren.<\/a><\/u><\/span> Wenn Sie einen dringenderen Bedarf haben, k\u00f6nnen wir Ihnen immer eine schnellere L\u00f6sung anbieten.<\/p>\n<p>Wir sind auch gerne bereit, Ihnen Informationen \u00fcber Mengenrabatte zu geben.<\/p>\n<p>Einige Artikel k\u00f6nnen eine l\u00e4ngere Lieferzeit in Anspruch nehmen, da sie nicht auf Lager unseres Lieferanten sind. In diesem Fall werden Sie nach Eingang Ihrer Bestellung benachrichtigt. <\/p>\n<p>Wir liefern versandkostenfrei ab einem Bestellwert von CHF. 500.-. Unterhalb dieses Betrags wird eine Pauschale von CHF. 15,90 zu entrichten. <\/p>\n<p>Bei allen Online-Bestellungen f\u00fchren wir immer einen Telefonanruf durch, um sicherzustellen, dass Sie das richtige Produkt f\u00fcr Ihre Bed\u00fcrfnisse ausgew\u00e4hlt haben. So k\u00f6nnen Sie sicher sein, dass Sie die richtige Wahl treffen. <\/p>\n<p>Bitte beachten Sie, dass die Promo-Codes nicht kumulierbar sind und der Rabatt auf Ihrer Bestellung sichtbar ist.<\/p>\n<p>&nbsp;<\/p>\n","protected":false},"excerpt":{"rendered":"<p>Dieser Garderobenst\u00e4nder verleiht Ihrer Einrichtung einen modernen Stil! Struktur aus hellgrauem Alu-Metall. Haken mit 8 Kugeln, integrierter Regenschirmhalter.  <\/p>\n","protected":false},"featured_media":103012,"template":"","meta":{"slim_seo":{"title":"Design-Mantelst\u00e4nder - Suisse - C.Diff-Prom","description":"Dieser Garderobenst\u00e4nder verleiht Ihrer Einrichtung einen modernen Stil! Struktur aus hellgrauem Alu-Metall. Haken mit 8 Kugeln, integrierter Regenschirmhalter."}},"product_brand":[],"product_cat":[6391,6467,6355,6472,6390],"product_tag":[6392,6468,6473],"class_list":{"0":"post-105931","1":"product","2":"type-product","3":"status-publish","4":"has-post-thumbnail","6":"product_cat-burozubehor","7":"product_cat-empfangszubehor","8":"product_cat-konferenz","9":"product_cat-mobiliar","10":"product_cat-ranking","11":"product_tag-burozubehor","12":"product_tag-empfangszubehor","13":"product_tag-mobiliare-erganzungen","15":"first","16":"instock","17":"taxable","18":"shipping-taxable","19":"purchasable","20":"product-type-simple"},"_links":{"self":[{"href":"https:\/\/cdiffprom.ch\/de\/wp-json\/wp\/v2\/product\/105931","targetHints":{"allow":["GET"]}}],"collection":[{"href":"https:\/\/cdiffprom.ch\/de\/wp-json\/wp\/v2\/product"}],"about":[{"href":"https:\/\/cdiffprom.ch\/de\/wp-json\/wp\/v2\/types\/product"}],"wp:featuredmedia":[{"embeddable":true,"href":"https:\/\/cdiffprom.ch\/de\/wp-json\/wp\/v2\/media\/103012"}],"wp:attachment":[{"href":"https:\/\/cdiffprom.ch\/de\/wp-json\/wp\/v2\/media?parent=105931"}],"wp:term":[{"taxonomy":"product_brand","embeddable":true,"href":"https:\/\/cdiffprom.ch\/de\/wp-json\/wp\/v2\/product_brand?post=105931"},{"taxonomy":"product_cat","embeddable":true,"href":"https:\/\/cdiffprom.ch\/de\/wp-json\/wp\/v2\/product_cat?post=105931"},{"taxonomy":"product_tag","embeddable":true,"href":"https:\/\/cdiffprom.ch\/de\/wp-json\/wp\/v2\/product_tag?post=105931"}],"curies":[{"name":"wp","href":"https:\/\/api.w.org\/{rel}","templated":true}]}}

Design-Mantelständer

<h3><span style="color: #800000;"><strong>Design-Mantelständer</strong></span></h3>
<p>Brauchen Sie einen Design-Garderobenständer für Ihr Büro? Dieses Modell wird Ihre Erwartungen erfüllen! </p>
<h4><span style="color: #800000;"><strong>Merkmale :</strong></span></h4>
<ul>
<li>Hellgraue Alu-Metallstruktur auf beschwertem Sockel</li>
<li>Hohe Stabilität, aber leicht zu bewegen</li>
<li>Kleiderhaken mit 8 Kugeln</li>
<li>Integrierter Schirmständer</li>
<li>Einfache Selbstmontage, mit Anleitung</li>
<li>Höhe 181 cm x Durchmesser der Basis 38 cm</li>
<li>Gewicht 4 kg</li>
</ul>
<h4><span style="color: #800000;"><strong>Lieferbedingungen :<br />
</strong></span></h4>
<p>Zu Ihrer Information: Nach Eingang Ihres Auftrags sind unsere Produkte innerhalb von etwa zehn Tagen lieferbar.</p>
<p>Zögern Sie nicht <span style="color: #800000;"><u><a style="color: #800000;" href="https://cdiffprom.ch/elements/contactez-nous/">uns zu kontaktieren.</a></u></span> Wenn Sie einen dringenderen Bedarf haben, können wir Ihnen immer eine schnellere Lösung anbieten.</p>
<p>Wir sind auch gerne bereit, Ihnen Informationen über Mengenrabatte zu geben.</p>
<p>Einige Artikel können eine längere Lieferzeit in Anspruch nehmen, da sie nicht auf Lager unseres Lieferanten sind. In diesem Fall werden Sie nach Eingang Ihrer Bestellung benachrichtigt. </p>
<p>Wir liefern versandkostenfrei ab einem Bestellwert von CHF. 500.-. Unterhalb dieses Betrags wird eine Pauschale von CHF. 15,90 zu entrichten. </p>
<p>Bei allen Online-Bestellungen führen wir immer einen Telefonanruf durch, um sicherzustellen, dass Sie das richtige Produkt für Ihre Bedürfnisse ausgewählt haben. So können Sie sicher sein, dass Sie die richtige Wahl treffen. </p>
<p>Bitte beachten Sie, dass die Promo-Codes nicht kumulierbar sind und der Rabatt auf Ihrer Bestellung sichtbar ist.</p>
<p>&nbsp;</p>

<p>Dieser Garderobenständer verleiht Ihrer Einrichtung einen modernen Stil! Struktur aus hellgrauem Alu-Metall. Haken mit 8 Kugeln, integrierter Regenschirmhalter.  </p>

Design-Mantelständer - Suisse - C.Diff-Prom

Dieser Garderobenständer verleiht Ihrer Einrichtung einen modernen Stil! Struktur aus hellgrauem Alu-Metall. Haken mit 8 Kugeln, integrierter Regenschirmhalter.
