{"id":106028,"date":"2019-07-26T15:28:44","date_gmt":"2019-07-26T13:28:44","guid":{"rendered":"https:\/\/cdiffprom.ch\/produit\/buchstuetzen-metallregale\/"},"modified":"2019-07-26T15:28:44","modified_gmt":"2019-07-26T13:28:44","slug":"buchstuetzen-metallregale","status":"publish","type":"product","link":"https:\/\/cdiffprom.ch\/de\/produit\/buchstuetzen-metallregale\/","title":{"rendered":"Buchst\u00fctzen Metallregale"},"content":{"rendered":"<h3><span style=\"color: #800000;\"><strong>Buchst\u00fctzen Metallregale<\/strong><\/span><\/h3>\n<p>Diese Buchst\u00fctze mit Metallregal ist ein n\u00fctzliches Accessoire f\u00fcr B\u00fcros, Bibliotheken und Gesch\u00e4fte.<\/p>\n<p>Er sorgt f\u00fcr einen perfekten Halt von B\u00fcchern, wenn sie auf einem Regal oder in einem Schrank stehen. Au\u00dferdem ist er f\u00fcr alle Arten von B\u00fcchern geeignet, egal ob sie dick oder schwer sind. <\/p>\n<ul>\n<li>Sehr robust<\/li>\n<li>Schwarzes Metall<\/li>\n<li>H\u00f6he 12 cm x Breite 12 cm x Tiefe 13 cm<\/li>\n<\/ul>\n<h4><strong><span style=\"color: #800000;\">Lieferbedingungen :<\/span><br \/>\n<\/strong><\/h4>\n<p>Zu Ihrer Information: Nach Eingang Ihres Auftrags sind unsere Produkte innerhalb von etwa zehn Tagen lieferbar.<\/p>\n<p>Z\u00f6gern Sie nicht <u><a href=\"https:\/\/cdiffprom.ch\/elements\/contactez-nous\/\"><span style=\"color: #800000;\"><strong>uns zu kontaktieren.<\/strong><\/span><\/a><\/u> Wenn Sie einen dringenderen Bedarf haben, k\u00f6nnen wir Ihnen immer eine schnellere L\u00f6sung anbieten.<\/p>\n<p>Wir sind auch gerne bereit, Ihnen Informationen \u00fcber Mengenrabatte zu geben.<\/p>\n<p>Einige Artikel k\u00f6nnen eine l\u00e4ngere Lieferzeit in Anspruch nehmen, da sie nicht auf Lager unseres Lieferanten sind. In diesem Fall werden Sie nach Eingang Ihrer Bestellung benachrichtigt. <\/p>\n<p>Wir liefern versandkostenfrei ab einem Bestellwert von CHF. 500.-. Unterhalb dieses Betrags wird eine Pauschale von CHF. 15,90 zu entrichten. <\/p>\n<p>Bei allen Online-Bestellungen f\u00fchren wir immer einen Telefonanruf durch, um sicherzustellen, dass Sie das richtige Produkt f\u00fcr Ihre Bed\u00fcrfnisse ausgew\u00e4hlt haben. So k\u00f6nnen Sie sicher sein, dass Sie die richtige Wahl treffen. <\/p>\n<p>Bitte beachten Sie, dass die Promo-Codes nicht kumulierbar sind und der Rabatt auf Ihrer Bestellung sichtbar ist.<\/p>\n<p>&nbsp;<\/p>\n","protected":false},"excerpt":{"rendered":"<p>Halten Ihre B\u00fccher, Zeitschriften usw. vertikal fest.<\/p>\n","protected":false},"featured_media":103122,"template":"","meta":{"slim_seo":{"title":"Buchst\u00fctzen Metallregale - Suisse - C.Diff-Prom","description":"Halten Ihre B\u00fccher, Zeitschriften usw. vertikal fest."}},"product_brand":[],"product_cat":[6526,6391,6390,6519,6495],"product_tag":[6520,6392,6521,6501,6498],"class_list":{"0":"post-106028","1":"product","2":"type-product","3":"status-publish","4":"has-post-thumbnail","6":"product_cat-bucher","7":"product_cat-burozubehor","8":"product_cat-ranking","9":"product_cat-sortieren-von-cds","10":"product_cat-sortierer","11":"product_tag-bucher","12":"product_tag-burozubehor","13":"product_tag-poster","14":"product_tag-sortieren-von-cds","15":"product_tag-sortierer","17":"first","18":"instock","19":"taxable","20":"shipping-taxable","21":"purchasable","22":"product-type-simple"},"_links":{"self":[{"href":"https:\/\/cdiffprom.ch\/de\/wp-json\/wp\/v2\/product\/106028","targetHints":{"allow":["GET"]}}],"collection":[{"href":"https:\/\/cdiffprom.ch\/de\/wp-json\/wp\/v2\/product"}],"about":[{"href":"https:\/\/cdiffprom.ch\/de\/wp-json\/wp\/v2\/types\/product"}],"wp:featuredmedia":[{"embeddable":true,"href":"https:\/\/cdiffprom.ch\/de\/wp-json\/wp\/v2\/media\/103122"}],"wp:attachment":[{"href":"https:\/\/cdiffprom.ch\/de\/wp-json\/wp\/v2\/media?parent=106028"}],"wp:term":[{"taxonomy":"product_brand","embeddable":true,"href":"https:\/\/cdiffprom.ch\/de\/wp-json\/wp\/v2\/product_brand?post=106028"},{"taxonomy":"product_cat","embeddable":true,"href":"https:\/\/cdiffprom.ch\/de\/wp-json\/wp\/v2\/product_cat?post=106028"},{"taxonomy":"product_tag","embeddable":true,"href":"https:\/\/cdiffprom.ch\/de\/wp-json\/wp\/v2\/product_tag?post=106028"}],"curies":[{"name":"wp","href":"https:\/\/api.w.org\/{rel}","templated":true}]}}

Buchstützen Metallregale

<h3><span style="color: #800000;"><strong>Buchstützen Metallregale</strong></span></h3>
<p>Diese Buchstütze mit Metallregal ist ein nützliches Accessoire für Büros, Bibliotheken und Geschäfte.</p>
<p>Er sorgt für einen perfekten Halt von Büchern, wenn sie auf einem Regal oder in einem Schrank stehen. Außerdem ist er für alle Arten von Büchern geeignet, egal ob sie dick oder schwer sind. </p>
<ul>
<li>Sehr robust</li>
<li>Schwarzes Metall</li>
<li>Höhe 12 cm x Breite 12 cm x Tiefe 13 cm</li>
</ul>
<h4><strong><span style="color: #800000;">Lieferbedingungen :</span><br />
</strong></h4>
<p>Zu Ihrer Information: Nach Eingang Ihres Auftrags sind unsere Produkte innerhalb von etwa zehn Tagen lieferbar.</p>
<p>Zögern Sie nicht <u><a href="https://cdiffprom.ch/elements/contactez-nous/"><span style="color: #800000;"><strong>uns zu kontaktieren.</strong></span></a></u> Wenn Sie einen dringenderen Bedarf haben, können wir Ihnen immer eine schnellere Lösung anbieten.</p>
<p>Wir sind auch gerne bereit, Ihnen Informationen über Mengenrabatte zu geben.</p>
<p>Einige Artikel können eine längere Lieferzeit in Anspruch nehmen, da sie nicht auf Lager unseres Lieferanten sind. In diesem Fall werden Sie nach Eingang Ihrer Bestellung benachrichtigt. </p>
<p>Wir liefern versandkostenfrei ab einem Bestellwert von CHF. 500.-. Unterhalb dieses Betrags wird eine Pauschale von CHF. 15,90 zu entrichten. </p>
<p>Bei allen Online-Bestellungen führen wir immer einen Telefonanruf durch, um sicherzustellen, dass Sie das richtige Produkt für Ihre Bedürfnisse ausgewählt haben. So können Sie sicher sein, dass Sie die richtige Wahl treffen. </p>
<p>Bitte beachten Sie, dass die Promo-Codes nicht kumulierbar sind und der Rabatt auf Ihrer Bestellung sichtbar ist.</p>
<p>&nbsp;</p>

<p>Halten Ihre Bücher, Zeitschriften usw. vertikal fest.</p>

Buchstützen Metallregale - Suisse - C.Diff-Prom

Halten Ihre Bücher, Zeitschriften usw. vertikal fest.
