{"id":106046,"date":"2019-07-26T15:30:07","date_gmt":"2019-07-26T13:30:07","guid":{"rendered":"https:\/\/cdiffprom.ch\/produit\/vertikaler-sortierer-fuer-zeitschriften\/"},"modified":"2019-07-26T15:30:07","modified_gmt":"2019-07-26T13:30:07","slug":"vertikaler-sortierer-fuer-zeitschriften","status":"publish","type":"product","link":"https:\/\/cdiffprom.ch\/de\/produit\/vertikaler-sortierer-fuer-zeitschriften\/","title":{"rendered":"Vertikaler Sortierer f\u00fcr Zeitschriften"},"content":{"rendered":"<h3><span style=\"color: #800000;\"><strong>Vertikaler Sortierer f\u00fcr Zeitschriften<\/strong><\/span><\/h3>\n<p>Sie k\u00f6nnen diesen Stehsammler auf einem Schreibtisch, in einem Schrank oder auf einem Regal aufstellen, so dass Ihre Dokumente vertikal geordnet sind.<\/p>\n<ul>\n<li>Einzelne Elemente aus hochfestem, sto\u00dffestem Kunststoff, die zusammengesetzt werden k\u00f6nnen, um durchgehende oder getrennte vertikale F\u00e4cher zu bilden.<\/li>\n<li>Ein einzelnes Feld = 4,75 cm breit<\/li>\n<li>Ein Doppelfeld = 9,5 cm breit<\/li>\n<li>Mattschwarzes Finish<\/li>\n<\/ul>\n<h4><span style=\"color: #800000;\"><strong>Lieferbedingungen :<br \/>\n<\/strong><\/span><\/h4>\n<p>Zu Ihrer Information: Nach Eingang Ihres Auftrags sind unsere Produkte innerhalb von etwa zehn Tagen lieferbar.<\/p>\n<p>Z\u00f6gern Sie nicht <u><a href=\"https:\/\/cdiffprom.ch\/elements\/contactez-nous\/\"><span style=\"color: #800000;\"><strong>kontaktieren Sie uns bitte.<\/strong><\/span><\/a><\/u> Wenn Sie einen dringenderen Bedarf haben, haben wir immer eine schnellere L\u00f6sung f\u00fcr Sie und k\u00f6nnen Sie auch \u00fcber Rabatte bei Mengenbestellungen informieren.<\/p>\n<p>Einige Artikel k\u00f6nnen eine l\u00e4ngere Lieferzeit in Anspruch nehmen, da sie nicht auf Lager unseres Lieferanten sind. In diesem Fall werden Sie nach Eingang Ihrer Bestellung benachrichtigt. <\/p>\n<p>Wir liefern versandkostenfrei ab einem Bestellwert von CHF. 500.-. Unterhalb dieses Betrags wird eine Pauschale von CHF. 15,90 zu entrichten. <\/p>\n<p>Bei allen Online-Bestellungen f\u00fchren wir immer einen Telefonanruf durch, um sicherzustellen, dass Sie das richtige Produkt f\u00fcr Ihre Bed\u00fcrfnisse ausgew\u00e4hlt haben. So k\u00f6nnen Sie sicher sein, dass Sie die richtige Wahl treffen. <\/p>\n<p>Bitte beachten Sie, dass die Promo-Codes nicht kumulierbar sind und der Rabatt auf Ihrer Bestellung sichtbar ist.<\/p>\n","protected":false},"excerpt":{"rendered":"<p>Stellen Sie ihn auf einen Schreibtisch, in ein Regal oder in einen Schrank!<\/p>\n","protected":false},"featured_media":103146,"template":"","meta":{"slim_seo":{"title":"Vertikaler Sortierer f\u00fcr Zeitschriften - Suisse - C.Diff-Prom","description":"Stellen Sie ihn auf einen Schreibtisch, in ein Regal oder in einen Schrank!"}},"product_brand":[],"product_cat":[6391,6390,6495],"product_tag":[6392,6498],"class_list":{"0":"post-106046","1":"product","2":"type-product","3":"status-publish","4":"has-post-thumbnail","6":"product_cat-burozubehor","7":"product_cat-ranking","8":"product_cat-sortierer","9":"product_tag-burozubehor","10":"product_tag-sortierer","12":"first","13":"instock","14":"taxable","15":"shipping-taxable","16":"purchasable","17":"product-type-simple"},"_links":{"self":[{"href":"https:\/\/cdiffprom.ch\/de\/wp-json\/wp\/v2\/product\/106046","targetHints":{"allow":["GET"]}}],"collection":[{"href":"https:\/\/cdiffprom.ch\/de\/wp-json\/wp\/v2\/product"}],"about":[{"href":"https:\/\/cdiffprom.ch\/de\/wp-json\/wp\/v2\/types\/product"}],"wp:featuredmedia":[{"embeddable":true,"href":"https:\/\/cdiffprom.ch\/de\/wp-json\/wp\/v2\/media\/103146"}],"wp:attachment":[{"href":"https:\/\/cdiffprom.ch\/de\/wp-json\/wp\/v2\/media?parent=106046"}],"wp:term":[{"taxonomy":"product_brand","embeddable":true,"href":"https:\/\/cdiffprom.ch\/de\/wp-json\/wp\/v2\/product_brand?post=106046"},{"taxonomy":"product_cat","embeddable":true,"href":"https:\/\/cdiffprom.ch\/de\/wp-json\/wp\/v2\/product_cat?post=106046"},{"taxonomy":"product_tag","embeddable":true,"href":"https:\/\/cdiffprom.ch\/de\/wp-json\/wp\/v2\/product_tag?post=106046"}],"curies":[{"name":"wp","href":"https:\/\/api.w.org\/{rel}","templated":true}]}}

Vertikaler Sortierer für Zeitschriften

<h3><span style="color: #800000;"><strong>Vertikaler Sortierer für Zeitschriften</strong></span></h3>
<p>Sie können diesen Stehsammler auf einem Schreibtisch, in einem Schrank oder auf einem Regal aufstellen, so dass Ihre Dokumente vertikal geordnet sind.</p>
<ul>
<li>Einzelne Elemente aus hochfestem, stoßfestem Kunststoff, die zusammengesetzt werden können, um durchgehende oder getrennte vertikale Fächer zu bilden.</li>
<li>Ein einzelnes Feld = 4,75 cm breit</li>
<li>Ein Doppelfeld = 9,5 cm breit</li>
<li>Mattschwarzes Finish</li>
</ul>
<h4><span style="color: #800000;"><strong>Lieferbedingungen :<br />
</strong></span></h4>
<p>Zu Ihrer Information: Nach Eingang Ihres Auftrags sind unsere Produkte innerhalb von etwa zehn Tagen lieferbar.</p>
<p>Zögern Sie nicht <u><a href="https://cdiffprom.ch/elements/contactez-nous/"><span style="color: #800000;"><strong>kontaktieren Sie uns bitte.</strong></span></a></u> Wenn Sie einen dringenderen Bedarf haben, haben wir immer eine schnellere Lösung für Sie und können Sie auch über Rabatte bei Mengenbestellungen informieren.</p>
<p>Einige Artikel können eine längere Lieferzeit in Anspruch nehmen, da sie nicht auf Lager unseres Lieferanten sind. In diesem Fall werden Sie nach Eingang Ihrer Bestellung benachrichtigt. </p>
<p>Wir liefern versandkostenfrei ab einem Bestellwert von CHF. 500.-. Unterhalb dieses Betrags wird eine Pauschale von CHF. 15,90 zu entrichten. </p>
<p>Bei allen Online-Bestellungen führen wir immer einen Telefonanruf durch, um sicherzustellen, dass Sie das richtige Produkt für Ihre Bedürfnisse ausgewählt haben. So können Sie sicher sein, dass Sie die richtige Wahl treffen. </p>
<p>Bitte beachten Sie, dass die Promo-Codes nicht kumulierbar sind und der Rabatt auf Ihrer Bestellung sichtbar ist.</p>

Vertikaler Sortierer für Zeitschriften - Suisse - C.Diff-Prom
