{"id":106060,"date":"2019-07-26T15:34:21","date_gmt":"2019-07-26T13:34:21","guid":{"rendered":"https:\/\/cdiffprom.ch\/produit\/musirack-7-regale\/"},"modified":"2019-07-26T15:34:21","modified_gmt":"2019-07-26T13:34:21","slug":"musirack-7-regale","status":"publish","type":"product","link":"https:\/\/cdiffprom.ch\/de\/produit\/musirack-7-regale\/","title":{"rendered":"Musirack 7 Regale"},"content":{"rendered":"<ul>\n<li>M\u00f6bel f\u00fcr die Pr\u00e4sentation und Lagerung Ihrer Multimedia- und anderen Produkte!<\/li>\n<li>Nutzung des Displays f\u00fcr die Archivierung und Pr\u00e4sentation von C<\/li>\n<li>D, D V<\/li>\n<li>D, Videos oder Spiele und alle Produkte<\/li>\n<li>Sehr robustes und stabiles Metallgestell 7 verstellbare B\u00f6den mit einer Kapazit\u00e4t von 19 cm Gestell aus rechteckigen Stahlrohren, Querschnitt 60 x 30 mm &#8211; Epoxydharzbeschichtung in Hammerschlaggrau.<\/li>\n<li>H\u00f6he 206 x Breite 141 x Tiefe 45 cm E N S T O C<\/li>\n<li>K, L I V R A I S O N 24 \/ 48 Stunden nach Erhalt der Bestellung<\/li>\n<\/ul>\n","protected":false},"excerpt":{"rendered":"<p>M\u00f6bel f\u00fcr die Pr\u00e4sentation und Lagerung Ihrer Multimedia- und anderen Produkte! Nutzung des Displays f\u00fcr die Archivierung und Pr\u00e4sentation von C D, D V D, Videos oder Spiele und alle Produkte Sehr robustes und stabiles Metallgestell 7 verstellbare B\u00f6den mit einer Kapazit\u00e4t von 19 cm Gestell aus rechteckigen Stahlrohren, Querschnitt 60 x 30 mm &#8211;&#8230;<\/p>\n","protected":false},"featured_media":103210,"template":"","meta":{"slim_seo":{"title":"Musirack 7 Regale - Suisse - C.Diff-Prom","description":"M\u00f6bel f\u00fcr die Pr\u00e4sentation und Lagerung Ihrer Multimedia- und anderen Produkte! Nutzung des Displays f\u00fcr die Archivierung und Pr\u00e4sentation von C D, D V D, Video"}},"product_brand":[],"product_cat":[6359,6409],"product_tag":[6557],"class_list":{"0":"post-106060","1":"product","2":"type-product","3":"status-publish","4":"has-post-thumbnail","6":"product_cat-multimedia-de","7":"product_cat-multimedia-mobel","8":"product_tag-multimedia-mobel","9":"pa_specifications-4-regalboden-ohne-korpus-weiter","10":"pa_specifications-4-regale-1-container-mit-3-schubladen","11":"pa_specifications-4-regale-ohne-korpus-start","12":"pa_specifications-7-regale-1-beleuchteter-fronton","13":"pa_specifications-7-regale-ohne-zubehor-start","14":"pa_specifications-7-regale-ohne-zubehor-weiter","16":"first","17":"instock","18":"taxable","19":"shipping-taxable","20":"purchasable","21":"product-type-variable"},"_links":{"self":[{"href":"https:\/\/cdiffprom.ch\/de\/wp-json\/wp\/v2\/product\/106060","targetHints":{"allow":["GET"]}}],"collection":[{"href":"https:\/\/cdiffprom.ch\/de\/wp-json\/wp\/v2\/product"}],"about":[{"href":"https:\/\/cdiffprom.ch\/de\/wp-json\/wp\/v2\/types\/product"}],"wp:featuredmedia":[{"embeddable":true,"href":"https:\/\/cdiffprom.ch\/de\/wp-json\/wp\/v2\/media\/103210"}],"wp:attachment":[{"href":"https:\/\/cdiffprom.ch\/de\/wp-json\/wp\/v2\/media?parent=106060"}],"wp:term":[{"taxonomy":"product_brand","embeddable":true,"href":"https:\/\/cdiffprom.ch\/de\/wp-json\/wp\/v2\/product_brand?post=106060"},{"taxonomy":"product_cat","embeddable":true,"href":"https:\/\/cdiffprom.ch\/de\/wp-json\/wp\/v2\/product_cat?post=106060"},{"taxonomy":"product_tag","embeddable":true,"href":"https:\/\/cdiffprom.ch\/de\/wp-json\/wp\/v2\/product_tag?post=106060"}],"curies":[{"name":"wp","href":"https:\/\/api.w.org\/{rel}","templated":true}]}}

<ul>
<li>Möbel für die Präsentation und Lagerung Ihrer Multimedia- und anderen Produkte!</li>
<li>Nutzung des Displays für die Archivierung und Präsentation von C</li>
<li>D, D V</li>
<li>D, Videos oder Spiele und alle Produkte</li>
<li>Sehr robustes und stabiles Metallgestell 7 verstellbare Böden mit einer Kapazität von 19 cm Gestell aus rechteckigen Stahlrohren, Querschnitt 60 x 30 mm &#8211; Epoxydharzbeschichtung in Hammerschlaggrau.</li>
<li>Höhe 206 x Breite 141 x Tiefe 45 cm E N S T O C</li>
<li>K, L I V R A I S O N 24 / 48 Stunden nach Erhalt der Bestellung</li>
</ul>

<p>Möbel für die Präsentation und Lagerung Ihrer Multimedia- und anderen Produkte! Nutzung des Displays für die Archivierung und Präsentation von C D, D V D, Videos oder Spiele und alle Produkte Sehr robustes und stabiles Metallgestell 7 verstellbare Böden mit einer Kapazität von 19 cm Gestell aus rechteckigen Stahlrohren, Querschnitt 60 x 30 mm &#8211;&#8230;</p>

Möbel für die Präsentation und Lagerung Ihrer Multimedia- und anderen Produkte! Nutzung des Displays für die Archivierung und Präsentation von C D, D V D, Video
