{"id":106071,"date":"2019-07-26T15:34:21","date_gmt":"2019-07-26T13:34:21","guid":{"rendered":"https:\/\/cdiffprom.ch\/produit\/musirack-5-regale\/"},"modified":"2019-07-26T15:34:21","modified_gmt":"2019-07-26T13:34:21","slug":"musirack-5-regale","status":"publish","type":"product","link":"https:\/\/cdiffprom.ch\/de\/produit\/musirack-5-regale\/","title":{"rendered":"Musirack 5 Regale"},"content":{"rendered":"<ul>\n<li>Einrichtungs- und Archivierungsm\u00f6bel f\u00fcr Bibliotheken, C D I und Mediatheken.<\/li>\n<li>Dieser St\u00e4nder ist f\u00fcr Mediatheken oder andere \u00f6ffentlich zug\u00e4ngliche Bereiche bestimmt und dient der Aufbewahrung und Pr\u00e4sentation von C<\/li>\n<li>D, D V<\/li>\n<li>D, Videos oder Spiele.<\/li>\n<li>Bestehend aus 1 M\u00f6bel Ref. 100820 1 Korpus Ref. 132880 1 Leuchtfront 1 Unterteilung Ref. 100104 1 Laminiergitter C D <\/li>\n<li>Ref.100106 1 Bl\u00e4tterrost<\/li>\n<li>Ref.100107<\/li>\n<li>Eine sehr solide Verarbeitung. Ein Gestell aus rechteckigen Stahlrohren mit einem Querschnitt von 60 x 30 mm &#8211; Epoxydharzbeschichtung in Hammerschlaggrau. E N S T O C  <\/li>\n<li>K, L I V R A I S O N 24 \/ 48 Stunden nach Erhalt der Bestellung<\/li>\n<\/ul>\n","protected":false},"excerpt":{"rendered":"<p>Einrichtungs- und Archivierungsm\u00f6bel f\u00fcr Bibliotheken, C D I und Mediatheken. Dieser St\u00e4nder ist f\u00fcr Mediatheken oder andere \u00f6ffentlich zug\u00e4ngliche Bereiche bestimmt und dient der Aufbewahrung und Pr\u00e4sentation von C D, D V D, Videos oder Spiele. Bestehend aus 1 M\u00f6bel Ref. 100820 1 Korpus Ref. 132880 1 Leuchtfront 1 Unterteilung Ref. 100104 1 Laminiergitter C&#8230;<\/p>\n","protected":false},"featured_media":103206,"template":"","meta":{"slim_seo":{"title":"Musirack 5 Regale - Suisse - C.Diff-Prom","description":"Einrichtungs- und Archivierungsm\u00f6bel f\u00fcr Bibliotheken, C D I und Mediatheken. Dieser St\u00e4nder ist f\u00fcr Mediatheken oder andere \u00f6ffentlich zug\u00e4ngliche Bereiche bes"}},"product_brand":[],"product_cat":[6359,6409],"product_tag":[6557],"class_list":{"0":"post-106071","1":"product","2":"type-product","3":"status-publish","4":"has-post-thumbnail","6":"product_cat-multimedia-de","7":"product_cat-multimedia-mobel","8":"product_tag-multimedia-mobel","9":"pa_specifications-4-regalboden-ohne-korpus-weiter","10":"pa_specifications-4-regale-1-container-mit-3-schubladen","11":"pa_specifications-4-regale-ohne-korpus-start","12":"pa_specifications-5-regale-1-kasten-mit-3-schubladen-1-leuchtfront","13":"pa_specifications-5-regale-lichtfront-ohne-kasten-start","14":"pa_specifications-5-regale-lichtfront-ohne-kasten-weiter","16":"first","17":"instock","18":"taxable","19":"shipping-taxable","20":"purchasable","21":"product-type-variable"},"_links":{"self":[{"href":"https:\/\/cdiffprom.ch\/de\/wp-json\/wp\/v2\/product\/106071","targetHints":{"allow":["GET"]}}],"collection":[{"href":"https:\/\/cdiffprom.ch\/de\/wp-json\/wp\/v2\/product"}],"about":[{"href":"https:\/\/cdiffprom.ch\/de\/wp-json\/wp\/v2\/types\/product"}],"wp:featuredmedia":[{"embeddable":true,"href":"https:\/\/cdiffprom.ch\/de\/wp-json\/wp\/v2\/media\/103206"}],"wp:attachment":[{"href":"https:\/\/cdiffprom.ch\/de\/wp-json\/wp\/v2\/media?parent=106071"}],"wp:term":[{"taxonomy":"product_brand","embeddable":true,"href":"https:\/\/cdiffprom.ch\/de\/wp-json\/wp\/v2\/product_brand?post=106071"},{"taxonomy":"product_cat","embeddable":true,"href":"https:\/\/cdiffprom.ch\/de\/wp-json\/wp\/v2\/product_cat?post=106071"},{"taxonomy":"product_tag","embeddable":true,"href":"https:\/\/cdiffprom.ch\/de\/wp-json\/wp\/v2\/product_tag?post=106071"}],"curies":[{"name":"wp","href":"https:\/\/api.w.org\/{rel}","templated":true}]}}

<ul>
<li>Einrichtungs- und Archivierungsmöbel für Bibliotheken, C D I und Mediatheken.</li>
<li>Dieser Ständer ist für Mediatheken oder andere öffentlich zugängliche Bereiche bestimmt und dient der Aufbewahrung und Präsentation von C</li>
<li>D, D V</li>
<li>D, Videos oder Spiele.</li>
<li>Bestehend aus 1 Möbel Ref. 100820 1 Korpus Ref. 132880 1 Leuchtfront 1 Unterteilung Ref. 100104 1 Laminiergitter C D </li>
<li>Ref.100106 1 Blätterrost</li>
<li>Ref.100107</li>
<li>Eine sehr solide Verarbeitung. Ein Gestell aus rechteckigen Stahlrohren mit einem Querschnitt von 60 x 30 mm &#8211; Epoxydharzbeschichtung in Hammerschlaggrau. E N S T O C  </li>
<li>K, L I V R A I S O N 24 / 48 Stunden nach Erhalt der Bestellung</li>
</ul>

<p>Einrichtungs- und Archivierungsmöbel für Bibliotheken, C D I und Mediatheken. Dieser Ständer ist für Mediatheken oder andere öffentlich zugängliche Bereiche bestimmt und dient der Aufbewahrung und Präsentation von C D, D V D, Videos oder Spiele. Bestehend aus 1 Möbel Ref. 100820 1 Korpus Ref. 132880 1 Leuchtfront 1 Unterteilung Ref. 100104 1 Laminiergitter C&#8230;</p>

Einrichtungs- und Archivierungsmöbel für Bibliotheken, C D I und Mediatheken. Dieser Ständer ist für Mediatheken oder andere öffentlich zugängliche Bereiche bes
