{"id":106097,"date":"2017-03-01T15:21:39","date_gmt":"2017-03-01T14:21:39","guid":{"rendered":"https:\/\/cdiffprom.ch\/produit\/ausstellungstheke\/"},"modified":"2017-03-01T15:21:39","modified_gmt":"2017-03-01T14:21:39","slug":"ausstellungstheke","status":"publish","type":"product","link":"https:\/\/cdiffprom.ch\/de\/produit\/ausstellungstheke\/","title":{"rendered":"Ausstellungstheke"},"content":{"rendered":"<h3><span style=\"color: #800000;\"><strong>Expo-Theke<\/strong><\/span><\/h3>\n<p>Diese Expo-Theke ist ideal f\u00fcr den Empfang oder f\u00fcr verschiedene Konferenzen.<\/p>\n<p>Dank seiner Aluminiumstruktur ist er zusammenklappbar. Er wird mit einer weichen Tragetasche geliefert. <\/p>\n<p>Die Abmessungen der installierten Theke sind wie folgt:<\/p>\n<ul>\n<li>H\u00f6he 93 cm<\/li>\n<li>Breite 80 cm<\/li>\n<li>Tiefe 47 cm<\/li>\n<\/ul>\n<p>Die obere Platte ist aus 18 mm dickem, melaminharzbeschichtetem Holz.<\/p>\n<p>Die Seitenw\u00e4nde sind 3 mm dick und k\u00f6nnen nach Ihren W\u00fcnschen und Bed\u00fcrfnissen gestaltet werden.<\/p>\n<p>Diese Theke verf\u00fcgt \u00fcber ein wei\u00dfes Regal aus festem Material (Forex).<\/p>\n<p>Das Gewicht dieser Theke betr\u00e4gt 19 kg.<\/p>\n<h4><span style=\"color: #800000;\"><strong>Lieferbedingungen<\/strong><\/span><\/h4>\n<p>Zu Ihrer Information: Nach Eingang Ihres Auftrags sind unsere Produkte innerhalb von etwa zehn Tagen lieferbar.<\/p>\n<p>Z\u00f6gern Sie nicht <u><a href=\"https:\/\/cdiffprom.ch\/elements\/contactez-nous\/\"><span style=\"color: #800000;\">uns zu kontaktieren.<\/span><\/a><\/u> Wenn Sie einen dringenderen Bedarf haben, k\u00f6nnen wir Ihnen immer eine schnellere L\u00f6sung anbieten.<\/p>\n<p>Wir sind auch gerne bereit, Ihnen Informationen \u00fcber Mengenrabatte zu geben.<\/p>\n<p>Einige Artikel k\u00f6nnen eine l\u00e4ngere Lieferzeit in Anspruch nehmen, da sie nicht auf Lager unseres Lieferanten sind. In diesem Fall werden Sie nach Eingang Ihrer Bestellung benachrichtigt. <\/p>\n<p>Wir liefern versandkostenfrei ab einem Bestellwert von CHF. 500.-. Unterhalb dieses Betrags wird eine Pauschale von CHF. 15,90 zu entrichten. <\/p>\n<p>Bei allen Online-Bestellungen f\u00fchren wir immer einen Telefonanruf durch, um sicherzustellen, dass Sie das richtige Produkt f\u00fcr Ihre Bed\u00fcrfnisse ausgew\u00e4hlt haben. So k\u00f6nnen Sie sicher sein, dass Sie die richtige Wahl treffen. <\/p>\n<p>Bitte beachten Sie, dass die Promo-Codes nicht kumulierbar sind und der Rabatt auf Ihrer Bestellung sichtbar ist.<\/p>\n<p>&nbsp;<\/p>\n<p>&nbsp;<\/p>\n<p>&nbsp;<\/p>\n<p>&nbsp;<\/p>\n","protected":false},"excerpt":{"rendered":"<p>Individuell gestaltbare Empfangstheke mit einem klappbaren Aluminiumrahmen, einem festen Forex-Regal und einer 18 mm dicken, wei\u00df melaminharzbeschichteten Holzplatte. Transporttasche im Lieferumfang enthalten, Abmessungen der aufgestellten Theke H 93 x B 80 x T 47 cm, Gesamtgewicht 19 kg. <\/p>\n<p>Auf Wunsch fertigen und montieren wir Ihre pers\u00f6nliche Gestaltung an den Seiten und auf der Vorderseite. Diese Personalisierung ist nicht im Preis enthalten. <\/p>\n","protected":false},"featured_media":103588,"template":"","meta":{"slim_seo":{"title":"Ausstellungstheke - Suisse - C.Diff-Prom","description":"Individuell gestaltbare Empfangstheke mit einem klappbaren Aluminiumrahmen, einem festen Forex-Regal und einer 18 mm dicken, wei\u00df melaminharzbeschichteten Holzp"}},"product_brand":[],"product_cat":[6362,6357],"product_tag":[6569],"class_list":{"0":"post-106097","1":"product","2":"type-product","3":"status-publish","4":"has-post-thumbnail","6":"product_cat-ausstellungen","7":"product_cat-standtheken","8":"product_tag-standtheken","10":"first","11":"instock","12":"taxable","13":"shipping-taxable","14":"purchasable","15":"product-type-simple"},"_links":{"self":[{"href":"https:\/\/cdiffprom.ch\/de\/wp-json\/wp\/v2\/product\/106097","targetHints":{"allow":["GET"]}}],"collection":[{"href":"https:\/\/cdiffprom.ch\/de\/wp-json\/wp\/v2\/product"}],"about":[{"href":"https:\/\/cdiffprom.ch\/de\/wp-json\/wp\/v2\/types\/product"}],"wp:featuredmedia":[{"embeddable":true,"href":"https:\/\/cdiffprom.ch\/de\/wp-json\/wp\/v2\/media\/103588"}],"wp:attachment":[{"href":"https:\/\/cdiffprom.ch\/de\/wp-json\/wp\/v2\/media?parent=106097"}],"wp:term":[{"taxonomy":"product_brand","embeddable":true,"href":"https:\/\/cdiffprom.ch\/de\/wp-json\/wp\/v2\/product_brand?post=106097"},{"taxonomy":"product_cat","embeddable":true,"href":"https:\/\/cdiffprom.ch\/de\/wp-json\/wp\/v2\/product_cat?post=106097"},{"taxonomy":"product_tag","embeddable":true,"href":"https:\/\/cdiffprom.ch\/de\/wp-json\/wp\/v2\/product_tag?post=106097"}],"curies":[{"name":"wp","href":"https:\/\/api.w.org\/{rel}","templated":true}]}}

<h3><span style="color: #800000;"><strong>Expo-Theke</strong></span></h3>
<p>Diese Expo-Theke ist ideal für den Empfang oder für verschiedene Konferenzen.</p>
<p>Dank seiner Aluminiumstruktur ist er zusammenklappbar. Er wird mit einer weichen Tragetasche geliefert. </p>
<p>Die Abmessungen der installierten Theke sind wie folgt:</p>
<ul>
<li>Höhe 93 cm</li>
<li>Breite 80 cm</li>
<li>Tiefe 47 cm</li>
</ul>
<p>Die obere Platte ist aus 18 mm dickem, melaminharzbeschichtetem Holz.</p>
<p>Die Seitenwände sind 3 mm dick und können nach Ihren Wünschen und Bedürfnissen gestaltet werden.</p>
<p>Diese Theke verfügt über ein weißes Regal aus festem Material (Forex).</p>
<p>Das Gewicht dieser Theke beträgt 19 kg.</p>
<h4><span style="color: #800000;"><strong>Lieferbedingungen</strong></span></h4>
<p>Zu Ihrer Information: Nach Eingang Ihres Auftrags sind unsere Produkte innerhalb von etwa zehn Tagen lieferbar.</p>
<p>Zögern Sie nicht <u><a href="https://cdiffprom.ch/elements/contactez-nous/"><span style="color: #800000;">uns zu kontaktieren.</span></a></u> Wenn Sie einen dringenderen Bedarf haben, können wir Ihnen immer eine schnellere Lösung anbieten.</p>
<p>Wir sind auch gerne bereit, Ihnen Informationen über Mengenrabatte zu geben.</p>
<p>Einige Artikel können eine längere Lieferzeit in Anspruch nehmen, da sie nicht auf Lager unseres Lieferanten sind. In diesem Fall werden Sie nach Eingang Ihrer Bestellung benachrichtigt. </p>
<p>Wir liefern versandkostenfrei ab einem Bestellwert von CHF. 500.-. Unterhalb dieses Betrags wird eine Pauschale von CHF. 15,90 zu entrichten. </p>
<p>Bei allen Online-Bestellungen führen wir immer einen Telefonanruf durch, um sicherzustellen, dass Sie das richtige Produkt für Ihre Bedürfnisse ausgewählt haben. So können Sie sicher sein, dass Sie die richtige Wahl treffen. </p>
<p>Bitte beachten Sie, dass die Promo-Codes nicht kumulierbar sind und der Rabatt auf Ihrer Bestellung sichtbar ist.</p>
<p>&nbsp;</p>
<p>&nbsp;</p>
<p>&nbsp;</p>
<p>&nbsp;</p>

<p>Individuell gestaltbare Empfangstheke mit einem klappbaren Aluminiumrahmen, einem festen Forex-Regal und einer 18 mm dicken, weiß melaminharzbeschichteten Holzplatte. Transporttasche im Lieferumfang enthalten, Abmessungen der aufgestellten Theke H 93 x B 80 x T 47 cm, Gesamtgewicht 19 kg. </p>
<p>Auf Wunsch fertigen und montieren wir Ihre persönliche Gestaltung an den Seiten und auf der Vorderseite. Diese Personalisierung ist nicht im Preis enthalten. </p>

Individuell gestaltbare Empfangstheke mit einem klappbaren Aluminiumrahmen, einem festen Forex-Regal und einer 18 mm dicken, weiß melaminharzbeschichteten Holzp
