{"id":106141,"date":"2017-03-05T11:15:37","date_gmt":"2017-03-05T10:15:37","guid":{"rendered":"https:\/\/cdiffprom.ch\/produit\/farbige-vitrine\/"},"modified":"2017-03-05T11:15:37","modified_gmt":"2017-03-05T10:15:37","slug":"farbige-vitrine","status":"publish","type":"product","link":"https:\/\/cdiffprom.ch\/de\/produit\/farbige-vitrine\/","title":{"rendered":"Farbige Vitrine"},"content":{"rendered":"<h3><strong><span style=\"color: #800000;\">Vitrine mit farbigem Rahmen<\/span><\/strong><\/h3>\n<p>Farbige Rahmenvitrine, um Farbe in Ihre Anzeige zu bringen!<\/p>\n<p>Es stehen 9 Grundfarben zur Verf\u00fcgung, aber auch die M\u00f6glichkeit, sie je nach Menge an Ihre eigene Farbe anzupassen.<\/p>\n<p>Das 3 mm dicke Plexiglas ist vollst\u00e4ndig in die T\u00fcr eingefasst.<\/p>\n<p>Gesamtdicke von 4 cm bei einer Nutzdicke von 2 cm.<\/p>\n<p>Wenn Sie eine Sonderanfertigung oder gro\u00dfe Mengen ben\u00f6tigen, kontaktieren Sie uns bitte.<\/p>\n<p>Diese Schauk\u00e4sten k\u00f6nnen sowohl im Innen- als auch im Au\u00dfenbereich aufgestellt werden. Sie sind je nach Gr\u00f6\u00dfe mit einem oder zwei Schl\u00f6ssern ausgestattet. <\/p>\n<p>Dar\u00fcber hinaus k\u00f6nnen die Modelle mit 1, 2, 4, 6, 9 und 16 Bl\u00e4ttern sowohl links als auch rechts ge\u00f6ffnet werden.<\/p>\n<p>Der Boden ist wei\u00df lackiert und Ihre Dokumente werden mit Hilfe der mitgelieferten Magneten aufgestellt.<\/p>\n<p>Die Befestigung erfolgt unsichtbar in den Ecken und die Schrauben sind im Lieferumfang enthalten.<\/p>\n<p>M\u00f6glichkeit der Personalisierung mit Ihrem Firmennamen, auf Anfrage und nach separatem Angebot.<\/p>\n<p>Das Doppelfu\u00dfgestell zum Anschrauben oder Einbetonieren ist auf Anfrage f\u00fcr die Installation am Rand Ihrer Terrasse erh\u00e4ltlich.<\/p>\n<p>Wir k\u00f6nnen Ihnen auch Vitrinen anbieten. <span style=\"color: #800000;\"><a style=\"color: #800000;\" href=\"https:\/\/cdiffprom.ch\/produit\/vitrines-dinterieur-extra-plates\/\">Innenvitrinen, Schiebespiegel<\/a><\/span>. Z\u00f6gern Sie nicht, diese zu vergleichen. <\/p>\n<h4><span style=\"color: #800000;\"><strong>Lieferbedingungen<\/strong><\/span><\/h4>\n<p>Alle unsere Produkte sind in der Regel innerhalb von 10 Tagen nach Eingang Ihrer Bestellung lieferbar. Bitte z\u00f6gern Sie nicht, uns zu kontaktieren. <strong><span style=\"color: #800000;\"><a style=\"color: #800000;\" href=\"https:\/\/cdiffprom.ch\/elements\/contactez-nous\/\">uns zu kontaktieren.<\/a><\/span><\/strong> Wenn Sie einen dringenderen Bedarf haben, k\u00f6nnen wir Ihnen immer eine schnellere L\u00f6sung anbieten. <\/p>\n<p>Einige Artikel k\u00f6nnen eine l\u00e4ngere Lieferzeit in Anspruch nehmen, da sie nicht auf Lager unseres Lieferanten sind. In diesem Fall werden Sie nach Eingang Ihrer Bestellung benachrichtigt. <\/p>\n<p>Wir liefern versandkostenfrei ab einem Bestellwert von CHF. 500.-. Unterhalb dieses Betrags wird eine Pauschale von CHF. 15,90 zu entrichten. <\/p>\n<p>Bei allen Online-Bestellungen f\u00fchren wir immer einen Telefonanruf durch, um sicherzustellen, dass Sie das richtige Produkt f\u00fcr Ihre Bed\u00fcrfnisse ausgew\u00e4hlt haben. So k\u00f6nnen Sie sicher sein, dass Sie die richtige Wahl treffen. <\/p>\n<p>&nbsp;<\/p>\n<p>&nbsp;<\/p>\n","protected":false},"excerpt":{"rendered":"<p>Bringen Sie Farbe in Ihr Gesch\u00e4ft!!!<\/p>\n<p>Wandvitrinen in 9 Farben zur Auswahl, wasserdicht f\u00fcr den Au\u00dfen- und Innenbereich, 1 bis 2 Schl\u00f6sser je nach Gr\u00f6\u00dfe, Metallr\u00fcckwand mit Magneten im Lieferumfang enthalten, 4 pro A4-Blatt<\/p>\n<p>Degressiver Preis auf Anfrage ab 3 bestellten Vitrinen im gleichen Format.<\/p>\n<p>Sonderma\u00dfe, Kostenvoranschlag, eine Frage: <strong> <span style=\"color: #800000;\"><a style=\"color: #800000;\" href=\"https:\/\/cdiffprom.ch\/elements\/contactez-nous\/\">bitte fragen Sie uns.<\/a><\/span><\/strong>.<\/p>\n","protected":false},"featured_media":103602,"template":"","meta":{"slim_seo":{"title":"Farbige Vitrine - Suisse - C.Diff-Prom","description":"Bringen Sie Farbe in Ihr Gesch\u00e4ft!!! Wandvitrinen in 9 Farben zur Auswahl, wasserdicht f\u00fcr den Au\u00dfen- und Innenbereich, 1 bis 2 Schl\u00f6sser je nach Gr\u00f6\u00dfe, Metallr"}},"product_brand":[],"product_cat":[6342,6571],"product_tag":[6572],"class_list":{"0":"post-106141","1":"product","2":"type-product","3":"status-publish","4":"has-post-thumbnail","6":"product_cat-anzeige","7":"product_cat-schaukasten-fur-plakate","8":"product_tag-wandfarbrahmen","10":"first","11":"instock","12":"taxable","13":"shipping-taxable","14":"purchasable","15":"product-type-variable"},"_links":{"self":[{"href":"https:\/\/cdiffprom.ch\/de\/wp-json\/wp\/v2\/product\/106141","targetHints":{"allow":["GET"]}}],"collection":[{"href":"https:\/\/cdiffprom.ch\/de\/wp-json\/wp\/v2\/product"}],"about":[{"href":"https:\/\/cdiffprom.ch\/de\/wp-json\/wp\/v2\/types\/product"}],"wp:featuredmedia":[{"embeddable":true,"href":"https:\/\/cdiffprom.ch\/de\/wp-json\/wp\/v2\/media\/103602"}],"wp:attachment":[{"href":"https:\/\/cdiffprom.ch\/de\/wp-json\/wp\/v2\/media?parent=106141"}],"wp:term":[{"taxonomy":"product_brand","embeddable":true,"href":"https:\/\/cdiffprom.ch\/de\/wp-json\/wp\/v2\/product_brand?post=106141"},{"taxonomy":"product_cat","embeddable":true,"href":"https:\/\/cdiffprom.ch\/de\/wp-json\/wp\/v2\/product_cat?post=106141"},{"taxonomy":"product_tag","embeddable":true,"href":"https:\/\/cdiffprom.ch\/de\/wp-json\/wp\/v2\/product_tag?post=106141"}],"curies":[{"name":"wp","href":"https:\/\/api.w.org\/{rel}","templated":true}]}}

<h3><strong><span style="color: #800000;">Vitrine mit farbigem Rahmen</span></strong></h3>
<p>Farbige Rahmenvitrine, um Farbe in Ihre Anzeige zu bringen!</p>
<p>Es stehen 9 Grundfarben zur Verfügung, aber auch die Möglichkeit, sie je nach Menge an Ihre eigene Farbe anzupassen.</p>
<p>Das 3 mm dicke Plexiglas ist vollständig in die Tür eingefasst.</p>
<p>Gesamtdicke von 4 cm bei einer Nutzdicke von 2 cm.</p>
<p>Wenn Sie eine Sonderanfertigung oder große Mengen benötigen, kontaktieren Sie uns bitte.</p>
<p>Diese Schaukästen können sowohl im Innen- als auch im Außenbereich aufgestellt werden. Sie sind je nach Größe mit einem oder zwei Schlössern ausgestattet. </p>
<p>Darüber hinaus können die Modelle mit 1, 2, 4, 6, 9 und 16 Blättern sowohl links als auch rechts geöffnet werden.</p>
<p>Der Boden ist weiß lackiert und Ihre Dokumente werden mit Hilfe der mitgelieferten Magneten aufgestellt.</p>
<p>Die Befestigung erfolgt unsichtbar in den Ecken und die Schrauben sind im Lieferumfang enthalten.</p>
<p>Möglichkeit der Personalisierung mit Ihrem Firmennamen, auf Anfrage und nach separatem Angebot.</p>
<p>Das Doppelfußgestell zum Anschrauben oder Einbetonieren ist auf Anfrage für die Installation am Rand Ihrer Terrasse erhältlich.</p>
<p>Wir können Ihnen auch Vitrinen anbieten. <span style="color: #800000;"><a style="color: #800000;" href="https://cdiffprom.ch/produit/vitrines-dinterieur-extra-plates/">Innenvitrinen, Schiebespiegel</a></span>. Zögern Sie nicht, diese zu vergleichen. </p>
<h4><span style="color: #800000;"><strong>Lieferbedingungen</strong></span></h4>
<p>Alle unsere Produkte sind in der Regel innerhalb von 10 Tagen nach Eingang Ihrer Bestellung lieferbar. Bitte zögern Sie nicht, uns zu kontaktieren. <strong><span style="color: #800000;"><a style="color: #800000;" href="https://cdiffprom.ch/elements/contactez-nous/">uns zu kontaktieren.</a></span></strong> Wenn Sie einen dringenderen Bedarf haben, können wir Ihnen immer eine schnellere Lösung anbieten. </p>
<p>Einige Artikel können eine längere Lieferzeit in Anspruch nehmen, da sie nicht auf Lager unseres Lieferanten sind. In diesem Fall werden Sie nach Eingang Ihrer Bestellung benachrichtigt. </p>
<p>Wir liefern versandkostenfrei ab einem Bestellwert von CHF. 500.-. Unterhalb dieses Betrags wird eine Pauschale von CHF. 15,90 zu entrichten. </p>
<p>Bei allen Online-Bestellungen führen wir immer einen Telefonanruf durch, um sicherzustellen, dass Sie das richtige Produkt für Ihre Bedürfnisse ausgewählt haben. So können Sie sicher sein, dass Sie die richtige Wahl treffen. </p>
<p>&nbsp;</p>
<p>&nbsp;</p>

<p>Bringen Sie Farbe in Ihr Geschäft!!!</p>
<p>Wandvitrinen in 9 Farben zur Auswahl, wasserdicht für den Außen- und Innenbereich, 1 bis 2 Schlösser je nach Größe, Metallrückwand mit Magneten im Lieferumfang enthalten, 4 pro A4-Blatt</p>
<p>Degressiver Preis auf Anfrage ab 3 bestellten Vitrinen im gleichen Format.</p>
<p>Sondermaße, Kostenvoranschlag, eine Frage: <strong> <span style="color: #800000;"><a style="color: #800000;" href="https://cdiffprom.ch/elements/contactez-nous/">bitte fragen Sie uns.</a></span></strong>.</p>

Bringen Sie Farbe in Ihr Geschäft!!! Wandvitrinen in 9 Farben zur Auswahl, wasserdicht für den Außen- und Innenbereich, 1 bis 2 Schlösser je nach Größe, Metallr
