{"id":106167,"date":"2017-03-05T15:10:10","date_gmt":"2017-03-05T14:10:10","guid":{"rendered":"https:\/\/cdiffprom.ch\/produit\/schraeges-regal-kleines-modell\/"},"modified":"2017-03-05T15:10:10","modified_gmt":"2017-03-05T14:10:10","slug":"schraeges-regal-kleines-modell","status":"publish","type":"product","link":"https:\/\/cdiffprom.ch\/de\/produit\/schraeges-regal-kleines-modell\/","title":{"rendered":"Schr\u00e4ges Regal kleines Modell"},"content":{"rendered":"<h3><span style=\"color: #993300;\">Geneigtes Teleskopregal klein<\/span><\/h3>\n<p>Dieses kleine, geneigte Teleskopregal eignet sich perfekt f\u00fcr Publikationen im traditionellen Halbformat.<\/p>\n<p>Wenn Sie Ihren Pressebereich verkleinern m\u00f6chten, k\u00f6nnen Sie dies mit unseren Regalen tun, die auf allen Arten von St\u00e4ndern mit einem Abstand von bis zu 100 cm montiert werden k\u00f6nnen. <\/p>\n<p>Mit einer H\u00f6he von 15 cm und einer Tiefe von 15 cm bieten Ihnen unsere geneigten Teleskopregale in kleiner Ausf\u00fchrung ein Maximum an Platz f\u00fcr die Ausstellung und Pr\u00e4sentation Ihrer Publikationen im Halbformat. An der Spitze Ihrer S\u00e4ule platziert, garantieren sie eine optimale Sichtbarkeit der Titel, die in den unteren Regalen aufgestellt sind. <\/p>\n<p>Auf Anfrage bei der Bestellung installieren wir sie gerne in Ihrem Gesch\u00e4ft, ohne zus\u00e4tzliche Kosten. <a href=\"https:\/\/cdiffprom.ch\/elements\/contactez-nous\/\"><span style=\"color: #993300;\">Informieren Sie sich!!<\/span><\/a><\/p>\n","protected":false},"excerpt":{"rendered":"<p>Kleines schr\u00e4ges Regal mit einer H\u00f6he von 15 cm und einer Tiefe von 15 cm, ideal f\u00fcr Ihre Publikationen im Halbformat.<\/p>\n","protected":false},"featured_media":103606,"template":"","meta":{"slim_seo":{"title":"Schr\u00e4ges Regal kleines Modell - Suisse - C.Diff-Prom","description":"Kleines schr\u00e4ges Regal mit einer H\u00f6he von 15 cm und einer Tiefe von 15 cm, ideal f\u00fcr Ihre Publikationen im Halbformat."}},"product_brand":[],"product_cat":[6402,6401],"product_tag":[6539],"class_list":{"0":"post-106167","1":"product","2":"type-product","3":"status-publish","4":"has-post-thumbnail","6":"product_cat-regale-fur-presse-und-zeitungen","7":"product_cat-zeitungsstander","8":"product_tag-zubehor-fur-gitter","10":"first","11":"instock","12":"taxable","13":"shipping-taxable","14":"purchasable","15":"product-type-simple"},"_links":{"self":[{"href":"https:\/\/cdiffprom.ch\/de\/wp-json\/wp\/v2\/product\/106167","targetHints":{"allow":["GET"]}}],"collection":[{"href":"https:\/\/cdiffprom.ch\/de\/wp-json\/wp\/v2\/product"}],"about":[{"href":"https:\/\/cdiffprom.ch\/de\/wp-json\/wp\/v2\/types\/product"}],"wp:featuredmedia":[{"embeddable":true,"href":"https:\/\/cdiffprom.ch\/de\/wp-json\/wp\/v2\/media\/103606"}],"wp:attachment":[{"href":"https:\/\/cdiffprom.ch\/de\/wp-json\/wp\/v2\/media?parent=106167"}],"wp:term":[{"taxonomy":"product_brand","embeddable":true,"href":"https:\/\/cdiffprom.ch\/de\/wp-json\/wp\/v2\/product_brand?post=106167"},{"taxonomy":"product_cat","embeddable":true,"href":"https:\/\/cdiffprom.ch\/de\/wp-json\/wp\/v2\/product_cat?post=106167"},{"taxonomy":"product_tag","embeddable":true,"href":"https:\/\/cdiffprom.ch\/de\/wp-json\/wp\/v2\/product_tag?post=106167"}],"curies":[{"name":"wp","href":"https:\/\/api.w.org\/{rel}","templated":true}]}}

Schräges Regal kleines Modell

<h3><span style="color: #993300;">Geneigtes Teleskopregal klein</span></h3>
<p>Dieses kleine, geneigte Teleskopregal eignet sich perfekt für Publikationen im traditionellen Halbformat.</p>
<p>Wenn Sie Ihren Pressebereich verkleinern möchten, können Sie dies mit unseren Regalen tun, die auf allen Arten von Ständern mit einem Abstand von bis zu 100 cm montiert werden können. </p>
<p>Mit einer Höhe von 15 cm und einer Tiefe von 15 cm bieten Ihnen unsere geneigten Teleskopregale in kleiner Ausführung ein Maximum an Platz für die Ausstellung und Präsentation Ihrer Publikationen im Halbformat. An der Spitze Ihrer Säule platziert, garantieren sie eine optimale Sichtbarkeit der Titel, die in den unteren Regalen aufgestellt sind. </p>
<p>Auf Anfrage bei der Bestellung installieren wir sie gerne in Ihrem Geschäft, ohne zusätzliche Kosten. <a href="https://cdiffprom.ch/elements/contactez-nous/"><span style="color: #993300;">Informieren Sie sich!!</span></a></p>

<p>Kleines schräges Regal mit einer Höhe von 15 cm und einer Tiefe von 15 cm, ideal für Ihre Publikationen im Halbformat.</p>

Schräges Regal kleines Modell - Suisse - C.Diff-Prom

Kleines schräges Regal mit einer Höhe von 15 cm und einer Tiefe von 15 cm, ideal für Ihre Publikationen im Halbformat.
