{"id":106168,"date":"2017-03-13T11:21:05","date_gmt":"2017-03-13T10:21:05","guid":{"rendered":"https:\/\/cdiffprom.ch\/produit\/modulares-presseregal-4-regalreihen\/"},"modified":"2017-03-13T11:21:05","modified_gmt":"2017-03-13T10:21:05","slug":"modulares-presseregal-4-regalreihen","status":"publish","type":"product","link":"https:\/\/cdiffprom.ch\/de\/produit\/modulares-presseregal-4-regalreihen\/","title":{"rendered":"Modulares Presseregal 4 Regalreihen"},"content":{"rendered":"<h3>Regal f\u00fcr Pressever\u00f6ffentlichungen<\/h3>\n<p>Das modulare Presseregal besteht aus verschiedenen Elementen.<br \/>\nSie k\u00f6nnen dies selbst tun, je nach Konfiguration Ihrer R\u00e4umlichkeiten, indem Sie die Seite <a href=\"https:\/\/cdiffprom.ch\/product-category\/affichage-et-signaletique\/accessoires-de-fixation\/\">Zubeh\u00f6r <\/a>unter der Registerkarte   <a href=\"https:\/\/cdiffprom.ch\/de\/product-category\/ausstellungen\/\">Ausstellung<\/a><\/p>\n<p>Bitte z\u00f6gern Sie nicht, uns zu kontaktieren, wenn Sie Schwierigkeiten haben, Ihre Wahl zu treffen.<\/p>\n<p>Au\u00dferdem gibt es viele M\u00f6glichkeiten, wie z.B. H\u00f6he, Anzahl der Regale, doppel- oder einseitige Regale, mit oder ohne Rollen.<br \/>\nF\u00fcr eine Wandmontage ohne Pfosten k\u00f6nnen Sie sich an Ihren Elementen befestigen.<\/p>\n<p>Die Regale werden alle auf Pfosten mit einer Nut von mindestens 3 mm und einem einzigen Ankerpunkt auf jeder Seite montiert.<br \/>\nEine Verwendung ist f\u00fcr den Gro\u00dfteil der im Handel erh\u00e4ltlichen Pfosten aller Typen m\u00f6glich.<\/p>\n<p>Die vertikale Stabilit\u00e4t wird durch die teleskopischen Querbalken gew\u00e4hrleistet, die Sie oben und unten anbringen.<br \/>\nEs ist auch m\u00f6glich, die Pfosten mit dem Aufsatz um 30 cm zu verl\u00e4ngern.<\/p>\n<p>Daher ist dieses System skalierbar und passt sich Ihren W\u00fcnschen an.<\/p>\n<p>Wir kommen gerne zu Ihnen, um einen genauen Kostenvoranschlag f\u00fcr Ihre gesamte Anlage zu erstellen.<\/p>\n<p>In allen F\u00e4llen ist die Montage durch uns kostenlos.<\/p>\n<p>&nbsp;<\/p>\n","protected":false},"excerpt":{"rendered":"<p>Regal bestehend aus 2 St\u00e4ndern mit einer H\u00f6he von 140 cm und 4 Teleskopschienen, die von 60 auf 100 cm ausgezogen werden k\u00f6nnen<\/p>\n<p>Zahlreiche Kombinationen mit den unten aufgef\u00fchrten Elementen sind m\u00f6glich.<\/p>\n","protected":false},"featured_media":103624,"template":"","meta":{"slim_seo":{"title":"Modulares Presseregal 4 Regalreihen - Suisse - C.Diff-Prom","description":"Regal bestehend aus 2 St\u00e4ndern mit einer H\u00f6he von 140 cm und 4 Teleskopschienen, die von 60 auf 100 cm ausgezogen werden k\u00f6nnen Zahlreiche Kombinationen mit den"}},"product_brand":[],"product_cat":[6478,6401],"product_tag":[6482],"class_list":{"0":"post-106168","1":"product","2":"type-product","3":"status-publish","4":"has-post-thumbnail","6":"product_cat-broschuren-und-zeitungsstander","7":"product_cat-zeitungsstander","8":"product_tag-regale-fur-presse-und-zeitungen","10":"first","11":"instock","12":"taxable","13":"shipping-taxable","14":"purchasable","15":"product-type-simple"},"_links":{"self":[{"href":"https:\/\/cdiffprom.ch\/de\/wp-json\/wp\/v2\/product\/106168","targetHints":{"allow":["GET"]}}],"collection":[{"href":"https:\/\/cdiffprom.ch\/de\/wp-json\/wp\/v2\/product"}],"about":[{"href":"https:\/\/cdiffprom.ch\/de\/wp-json\/wp\/v2\/types\/product"}],"wp:featuredmedia":[{"embeddable":true,"href":"https:\/\/cdiffprom.ch\/de\/wp-json\/wp\/v2\/media\/103624"}],"wp:attachment":[{"href":"https:\/\/cdiffprom.ch\/de\/wp-json\/wp\/v2\/media?parent=106168"}],"wp:term":[{"taxonomy":"product_brand","embeddable":true,"href":"https:\/\/cdiffprom.ch\/de\/wp-json\/wp\/v2\/product_brand?post=106168"},{"taxonomy":"product_cat","embeddable":true,"href":"https:\/\/cdiffprom.ch\/de\/wp-json\/wp\/v2\/product_cat?post=106168"},{"taxonomy":"product_tag","embeddable":true,"href":"https:\/\/cdiffprom.ch\/de\/wp-json\/wp\/v2\/product_tag?post=106168"}],"curies":[{"name":"wp","href":"https:\/\/api.w.org\/{rel}","templated":true}]}}

<h3>Regal für Presseveröffentlichungen</h3>
<p>Das modulare Presseregal besteht aus verschiedenen Elementen.<br />
Sie können dies selbst tun, je nach Konfiguration Ihrer Räumlichkeiten, indem Sie die Seite <a href="https://cdiffprom.ch/product-category/affichage-et-signaletique/accessoires-de-fixation/">Zubehör </a>unter der Registerkarte   <a href="https://cdiffprom.ch/de/product-category/ausstellungen/">Ausstellung</a></p>
<p>Bitte zögern Sie nicht, uns zu kontaktieren, wenn Sie Schwierigkeiten haben, Ihre Wahl zu treffen.</p>
<p>Außerdem gibt es viele Möglichkeiten, wie z.B. Höhe, Anzahl der Regale, doppel- oder einseitige Regale, mit oder ohne Rollen.<br />
Für eine Wandmontage ohne Pfosten können Sie sich an Ihren Elementen befestigen.</p>
<p>Die Regale werden alle auf Pfosten mit einer Nut von mindestens 3 mm und einem einzigen Ankerpunkt auf jeder Seite montiert.<br />
Eine Verwendung ist für den Großteil der im Handel erhältlichen Pfosten aller Typen möglich.</p>
<p>Die vertikale Stabilität wird durch die teleskopischen Querbalken gewährleistet, die Sie oben und unten anbringen.<br />
Es ist auch möglich, die Pfosten mit dem Aufsatz um 30 cm zu verlängern.</p>
<p>Daher ist dieses System skalierbar und passt sich Ihren Wünschen an.</p>
<p>Wir kommen gerne zu Ihnen, um einen genauen Kostenvoranschlag für Ihre gesamte Anlage zu erstellen.</p>
<p>In allen Fällen ist die Montage durch uns kostenlos.</p>
<p>&nbsp;</p>

<p>Regal bestehend aus 2 Ständern mit einer Höhe von 140 cm und 4 Teleskopschienen, die von 60 auf 100 cm ausgezogen werden können</p>
<p>Zahlreiche Kombinationen mit den unten aufgeführten Elementen sind möglich.</p>

Regal bestehend aus 2 Ständern mit einer Höhe von 140 cm und 4 Teleskopschienen, die von 60 auf 100 cm ausgezogen werden können Zahlreiche Kombinationen mit den
