{"id":106245,"date":"2019-03-02T18:01:55","date_gmt":"2019-03-02T17:01:55","guid":{"rendered":"https:\/\/cdiffprom.ch\/produit\/wandmontiertes-display-mit-mehreren-faechern\/"},"modified":"2019-03-02T18:01:55","modified_gmt":"2019-03-02T17:01:55","slug":"wandmontiertes-display-mit-mehreren-faechern","status":"publish","type":"product","link":"https:\/\/cdiffprom.ch\/de\/produit\/wandmontiertes-display-mit-mehreren-faechern\/","title":{"rendered":"Wandmontiertes Display mit mehreren F\u00e4chern"},"content":{"rendered":"<h3><span style=\"color: #993300;\">Wanddisplay mit mehreren F\u00e4chern<\/span><\/h3>\n<p>Mit diesem wandmontierten Multi-Fach-Display bieten Sie Ihren Unterlagen und Ihren Besuchern einen perfekten \u00dcberblick \u00fcber Ihre Angebote.<\/p>\n<p>Mit einer \u00e4hnlichen H\u00f6he f\u00fcr alle g\u00e4ngigen Formate von 1\/3 A4 \u00fcber A5 bis hin zu A4 horizontal oder vertikal sind alle Ihre Dokumente leicht zug\u00e4nglich.<\/p>\n<p>Ein durchsichtiges Plexiglas h\u00e4lt Ihre Dokumentation fest, ohne die Ecken zu zerkratzen, und bietet einen sehr guten Widerstand gegen m\u00f6gliche Zugluft.<\/p>\n<p>Diese Halterungen sind in schwarz und transparent erh\u00e4ltlich und lassen sich einfach an der Wand anbringen. Sie bieten eine Dicke von 2,8 cm f\u00fcr Dokumente und eine Sichtbarkeit von mindestens 10 cm f\u00fcr diejenigen, die nicht in der ersten Reihe sitzen. Die Schrauben f\u00fcr die Montage sind nicht im Lieferumfang enthalten, aber wir helfen Ihnen gerne bei der Installation. <\/p>\n<p>Sie k\u00f6nnen sie alle nebeneinander, aber auch einzeln installieren.<\/p>\n<h4><span style=\"color: #993300;\">Tipps zur Verwendung<\/span><\/h4>\n<p>In der Presse, um Ihre Tageszeitungen auszustellen, in der Reisebranche, aber auch in der Hotellerie, um Ihre verschiedenen touristischen Flyer auszustellen. Sie k\u00f6nnen sie auch als pers\u00f6nliches Schlie\u00dffach in Ihrer Verwaltung nutzen, z.B. f\u00fcr die Verteilung der Post. <\/p>\n<h4><span style=\"color: #993300;\">Technische Spezifikationen<\/span><\/h4>\n<p>H\u00f6he: 72 cm<br \/>\nA4 Hochformat: 5 Felder mit einer Breite von 27 cm<br \/>\nA4 Querformat: 6 Felder mit einer Breite von 37 cm<br \/>\nA5: 6 Felder 21 cm breit<br \/>\nA5: 12 Felder f\u00fcr auf 37 cm Breite<br \/>\n1\/3 A4: 10 Felder in 2 Spalten f\u00fcr 27 cm Breite<\/p>\n<p>&nbsp;<\/p>\n","protected":false},"excerpt":{"rendered":"<p>Anreihbare Displays in L\u00e4nge und Breite, erh\u00e4ltlich in transparent und schwarz<\/p>\n<p>Staffelpreis ab 4 St\u00fcck, unabh\u00e4ngig vom Modell.<\/p>\n","protected":false},"featured_media":103712,"template":"","meta":{"slim_seo":{"title":"Wandmontiertes Display mit mehreren F\u00e4chern - Suisse - C.Diff-Prom","description":"Anreihbare Displays in L\u00e4nge und Breite, erh\u00e4ltlich in transparent und schwarz Staffelpreis ab 4 St\u00fcck, unabh\u00e4ngig vom Modell."}},"product_brand":[],"product_cat":[6478,6401],"product_tag":[6479],"class_list":{"0":"post-106245","1":"product","2":"type-product","3":"status-publish","4":"has-post-thumbnail","6":"product_cat-broschuren-und-zeitungsstander","7":"product_cat-zeitungsstander","8":"product_tag-broschuren-und-zeitungsstander","10":"first","11":"instock","12":"taxable","13":"shipping-taxable","14":"purchasable","15":"product-type-variable"},"_links":{"self":[{"href":"https:\/\/cdiffprom.ch\/de\/wp-json\/wp\/v2\/product\/106245","targetHints":{"allow":["GET"]}}],"collection":[{"href":"https:\/\/cdiffprom.ch\/de\/wp-json\/wp\/v2\/product"}],"about":[{"href":"https:\/\/cdiffprom.ch\/de\/wp-json\/wp\/v2\/types\/product"}],"wp:featuredmedia":[{"embeddable":true,"href":"https:\/\/cdiffprom.ch\/de\/wp-json\/wp\/v2\/media\/103712"}],"wp:attachment":[{"href":"https:\/\/cdiffprom.ch\/de\/wp-json\/wp\/v2\/media?parent=106245"}],"wp:term":[{"taxonomy":"product_brand","embeddable":true,"href":"https:\/\/cdiffprom.ch\/de\/wp-json\/wp\/v2\/product_brand?post=106245"},{"taxonomy":"product_cat","embeddable":true,"href":"https:\/\/cdiffprom.ch\/de\/wp-json\/wp\/v2\/product_cat?post=106245"},{"taxonomy":"product_tag","embeddable":true,"href":"https:\/\/cdiffprom.ch\/de\/wp-json\/wp\/v2\/product_tag?post=106245"}],"curies":[{"name":"wp","href":"https:\/\/api.w.org\/{rel}","templated":true}]}}

Wandmontiertes Display mit mehreren Fächern

<h3><span style="color: #993300;">Wanddisplay mit mehreren Fächern</span></h3>
<p>Mit diesem wandmontierten Multi-Fach-Display bieten Sie Ihren Unterlagen und Ihren Besuchern einen perfekten Überblick über Ihre Angebote.</p>
<p>Mit einer ähnlichen Höhe für alle gängigen Formate von 1/3 A4 über A5 bis hin zu A4 horizontal oder vertikal sind alle Ihre Dokumente leicht zugänglich.</p>
<p>Ein durchsichtiges Plexiglas hält Ihre Dokumentation fest, ohne die Ecken zu zerkratzen, und bietet einen sehr guten Widerstand gegen mögliche Zugluft.</p>
<p>Diese Halterungen sind in schwarz und transparent erhältlich und lassen sich einfach an der Wand anbringen. Sie bieten eine Dicke von 2,8 cm für Dokumente und eine Sichtbarkeit von mindestens 10 cm für diejenigen, die nicht in der ersten Reihe sitzen. Die Schrauben für die Montage sind nicht im Lieferumfang enthalten, aber wir helfen Ihnen gerne bei der Installation. </p>
<p>Sie können sie alle nebeneinander, aber auch einzeln installieren.</p>
<h4><span style="color: #993300;">Tipps zur Verwendung</span></h4>
<p>In der Presse, um Ihre Tageszeitungen auszustellen, in der Reisebranche, aber auch in der Hotellerie, um Ihre verschiedenen touristischen Flyer auszustellen. Sie können sie auch als persönliches Schließfach in Ihrer Verwaltung nutzen, z.B. für die Verteilung der Post. </p>
<h4><span style="color: #993300;">Technische Spezifikationen</span></h4>
<p>Höhe: 72 cm<br />
A4 Hochformat: 5 Felder mit einer Breite von 27 cm<br />
A4 Querformat: 6 Felder mit einer Breite von 37 cm<br />
A5: 6 Felder 21 cm breit<br />
A5: 12 Felder für auf 37 cm Breite<br />
1/3 A4: 10 Felder in 2 Spalten für 27 cm Breite</p>
<p>&nbsp;</p>

<p>Anreihbare Displays in Länge und Breite, erhältlich in transparent und schwarz</p>
<p>Staffelpreis ab 4 Stück, unabhängig vom Modell.</p>

Wandmontiertes Display mit mehreren Fächern - Suisse - C.Diff-Prom

Anreihbare Displays in Länge und Breite, erhältlich in transparent und schwarz Staffelpreis ab 4 Stück, unabhängig vom Modell.
