{"id":106583,"date":"2019-07-26T12:07:08","date_gmt":"2019-07-26T10:07:08","guid":{"rendered":"https:\/\/cdiffprom.ch\/produit\/innere-tafel-mit-korkboden\/"},"modified":"2019-07-26T12:07:08","modified_gmt":"2019-07-26T10:07:08","slug":"innere-tafel-mit-korkboden","status":"publish","type":"product","link":"https:\/\/cdiffprom.ch\/de\/produit\/innere-tafel-mit-korkboden\/","title":{"rendered":"Innere Tafel mit Korkboden"},"content":{"rendered":"<h3><span style=\"color: #800000;\"><strong>Innere Tafel mit Korkboden<\/strong><\/span><\/h3>\n<p>Mit dieser Innenwandtafel mit Korkboden k\u00f6nnen Sie verschiedene Informationen f\u00fcr Ihre Kunden oder Ihr Personal aush\u00e4ngen.<\/p>\n<p>Sie k\u00f6nnen alle Arten von Rei\u00dfzwecken oder Pins verwenden. Wir bieten Ihnen bei der Bestellung einen Beutel an, unabh\u00e4ngig von der Gr\u00f6\u00dfe des Rahmens. <\/p>\n<p>Der Rahmen ist starr, aus nat\u00fcrlich eloxiertem Aluminium und 12 mm dick. Die Korkoberfl\u00e4che ist 2 mm dick und auf eine starre Unterlage geklebt. <\/p>\n<p>Dieses Gem\u00e4lde ist in 3 Gr\u00f6\u00dfen erh\u00e4ltlich: 45 x 60 cm, 60 x 90 cm oder 90 x 120 cm. Selbstverst\u00e4ndlich k\u00f6nnen Sie das Bild sowohl im Hoch- als auch im Querformat aufh\u00e4ngen. <\/p>\n<h4><strong><span style=\"color: #800000;\">Anwendungsbeispiele<\/span>:<\/strong><\/h4>\n<p>Ideal f\u00fcr verschiedene Verkaufsstellen:<\/p>\n<ul>\n<li>in einem Restaurant, um t\u00e4glich die \u00c4nderungen des Tages- oder Monatsmen\u00fcs anzuk\u00fcndigen<\/li>\n<li>in einem Friseursalon, um Ihren Kunden verschiedene Schnittangebote zu attraktiven Preisen anzubieten<\/li>\n<li>in einem kleinen Gesch\u00e4ft, um einige Originalartikel anzupreisen<\/li>\n<\/ul>\n<p>und dies dank der einfachen Austauschbarkeit der Poster.<\/p>\n<p>Z\u00f6gern Sie nicht <span style=\"color: #800000;\"><a style=\"color: #800000;\" href=\"https:\/\/cdiffprom.ch\/elements\/contactez-nous\/\">uns zu kontaktieren<\/a><\/span> Wenn Sie Fragen haben, finden wir sicher eine L\u00f6sung f\u00fcr Ihre Bed\u00fcrfnisse.<\/p>\n<p>&nbsp;<\/p>\n<p>&nbsp;<\/p>\n<p>&nbsp;<\/p>\n","protected":false},"excerpt":{"rendered":"<p>Ein Klassiker f\u00fcr alle Probleme mit der Schnellansicht.<\/p>\n","protected":false},"featured_media":102398,"template":"","meta":{"slim_seo":{"title":"Innere Tafel mit Korkboden - Suisse - C.Diff-Prom","description":"Ein Klassiker f\u00fcr alle Probleme mit der Schnellansicht."}},"product_brand":[],"product_cat":[6342,6339,6671],"product_tag":[6672],"class_list":{"0":"post-106583","1":"product","2":"type-product","3":"status-publish","4":"has-post-thumbnail","6":"product_cat-anzeige","7":"product_cat-plakatrahmen","8":"product_cat-tafeln-plakate","9":"product_tag-vitrinen-und-bilder","10":"pa_dimensions-45-x-60-cm-de","11":"pa_dimensions-60-x-90-cm-de","12":"pa_dimensions-90-x-120-cm-de","14":"first","15":"instock","16":"taxable","17":"shipping-taxable","18":"purchasable","19":"product-type-variable"},"_links":{"self":[{"href":"https:\/\/cdiffprom.ch\/de\/wp-json\/wp\/v2\/product\/106583","targetHints":{"allow":["GET"]}}],"collection":[{"href":"https:\/\/cdiffprom.ch\/de\/wp-json\/wp\/v2\/product"}],"about":[{"href":"https:\/\/cdiffprom.ch\/de\/wp-json\/wp\/v2\/types\/product"}],"wp:featuredmedia":[{"embeddable":true,"href":"https:\/\/cdiffprom.ch\/de\/wp-json\/wp\/v2\/media\/102398"}],"wp:attachment":[{"href":"https:\/\/cdiffprom.ch\/de\/wp-json\/wp\/v2\/media?parent=106583"}],"wp:term":[{"taxonomy":"product_brand","embeddable":true,"href":"https:\/\/cdiffprom.ch\/de\/wp-json\/wp\/v2\/product_brand?post=106583"},{"taxonomy":"product_cat","embeddable":true,"href":"https:\/\/cdiffprom.ch\/de\/wp-json\/wp\/v2\/product_cat?post=106583"},{"taxonomy":"product_tag","embeddable":true,"href":"https:\/\/cdiffprom.ch\/de\/wp-json\/wp\/v2\/product_tag?post=106583"}],"curies":[{"name":"wp","href":"https:\/\/api.w.org\/{rel}","templated":true}]}}

<h3><span style="color: #800000;"><strong>Innere Tafel mit Korkboden</strong></span></h3>
<p>Mit dieser Innenwandtafel mit Korkboden können Sie verschiedene Informationen für Ihre Kunden oder Ihr Personal aushängen.</p>
<p>Sie können alle Arten von Reißzwecken oder Pins verwenden. Wir bieten Ihnen bei der Bestellung einen Beutel an, unabhängig von der Größe des Rahmens. </p>
<p>Der Rahmen ist starr, aus natürlich eloxiertem Aluminium und 12 mm dick. Die Korkoberfläche ist 2 mm dick und auf eine starre Unterlage geklebt. </p>
<p>Dieses Gemälde ist in 3 Größen erhältlich: 45 x 60 cm, 60 x 90 cm oder 90 x 120 cm. Selbstverständlich können Sie das Bild sowohl im Hoch- als auch im Querformat aufhängen. </p>
<h4><strong><span style="color: #800000;">Anwendungsbeispiele</span>:</strong></h4>
<p>Ideal für verschiedene Verkaufsstellen:</p>
<ul>
<li>in einem Restaurant, um täglich die Änderungen des Tages- oder Monatsmenüs anzukündigen</li>
<li>in einem Friseursalon, um Ihren Kunden verschiedene Schnittangebote zu attraktiven Preisen anzubieten</li>
<li>in einem kleinen Geschäft, um einige Originalartikel anzupreisen</li>
</ul>
<p>und dies dank der einfachen Austauschbarkeit der Poster.</p>
<p>Zögern Sie nicht <span style="color: #800000;"><a style="color: #800000;" href="https://cdiffprom.ch/elements/contactez-nous/">uns zu kontaktieren</a></span> Wenn Sie Fragen haben, finden wir sicher eine Lösung für Ihre Bedürfnisse.</p>
<p>&nbsp;</p>
<p>&nbsp;</p>
<p>&nbsp;</p>

<p>Ein Klassiker für alle Probleme mit der Schnellansicht.</p>

Ein Klassiker für alle Probleme mit der Schnellansicht.
