{"id":106589,"date":"2019-07-26T12:07:09","date_gmt":"2019-07-26T10:07:09","guid":{"rendered":"https:\/\/cdiffprom.ch\/produit\/vitrinen-display-schiebeglas\/"},"modified":"2019-07-26T12:07:09","modified_gmt":"2019-07-26T10:07:09","slug":"vitrinen-display-schiebeglas","status":"publish","type":"product","link":"https:\/\/cdiffprom.ch\/de\/produit\/vitrinen-display-schiebeglas\/","title":{"rendered":"Vitrinen Display Schiebeglas"},"content":{"rendered":"<h3><span style=\"color: #800000;\"><strong>Vitrinen Display Schiebeglas<\/strong><\/span><\/h3>\n<p>Diese Schiebeglasvitrinen sind ein ideales System f\u00fcr die Pr\u00e4sentation einer gro\u00dfen Anzahl von Dokumenten im Innenbereich.<\/p>\n<p>Au\u00dferdem eignen sie sich f\u00fcr schmale Durchg\u00e4nge, wie z.B. Flure, und sparen aufgrund ihres Formats Platz. Sie sind daher nicht sperrig und der Wechsel der Informationsbotschaften wird erleichtert. <\/p>\n<p>Die Rahmen aus nat\u00fcrlich eloxiertem Aluminium haben eine Gesamtst\u00e4rke von 5 cm, n\u00fctzlich f\u00fcr Kork 2 cm und Blech 2,8 cm.<\/p>\n<p>Diese Schauk\u00e4sten sind in 6 Formaten erh\u00e4ltlich, von 8 A4-Bl\u00e4ttern bis 27 A4-Bl\u00e4ttern.<\/p>\n<p>Dieses Displaysystem besteht aus 2 Schiebet\u00fcren aus 4 mm Sicherheitsglas, mit 1 Schloss und 2 Schl\u00fcsseln.<\/p>\n<p>Die Wandbefestigung ist in allen vier Winkeln unsichtbar und die Schrauben sind im Lieferumfang enthalten.<\/p>\n<p>F\u00fcr die Art des Hintergrunds haben Sie zwei M\u00f6glichkeiten: Kork, um mit Pinnnadeln zu werben, oder wei\u00df lackiertes Metall, um mit Magneten zu werben.<\/p>\n<p>Wir k\u00f6nnen Ihnen auch andere Vitrinenmodelle anbieten, darunter die <span style=\"color: #800000;\"><a style=\"color: #800000;\" href=\"https:\/\/cdiffprom.ch\/produit\/vitrines-dinterieur-extra-plates\/\">extraflache Vitrinen f\u00fcr Innenr\u00e4ume<\/a><\/span>Bitte vergleichen Sie diese.<\/p>\n<p>F\u00fcr weitere Informationen k\u00f6nnen Sie<span style=\"color: #800000;\"><a style=\"color: #800000;\" href=\"https:\/\/cdiffprom.ch\/elements\/contactez-nous\/\"> uns hier kontaktieren<\/a><\/span>. Wir werden sicher eine L\u00f6sung f\u00fcr Ihre Bed\u00fcrfnisse finden. <\/p>\n<p>&nbsp;<\/p>\n<div class=\"col-xxs-12 col-xs-12 col-sm-12 col-md-6\">\n<div class=\"description\"><span style=\"color: #7b756b;\">.<\/span><\/div>\n<\/div>\n<div class=\"col-xxs-12 col-xs-12 col-sm-12 col-md-6\"><\/div>\n<p>&nbsp;<\/p>\n","protected":false},"excerpt":{"rendered":"<p>Schaukasten f\u00fcr den Innenbereich!<\/p>\n","protected":false},"featured_media":102402,"template":"","meta":{"slim_seo":{"title":"Vitrinen Display Schiebeglas - Suisse - C.Diff-Prom","description":"Schaukasten f\u00fcr den Innenbereich!"}},"product_brand":[],"product_cat":[6342,6571],"product_tag":[6672],"class_list":{"0":"post-106589","1":"product","2":"type-product","3":"status-publish","4":"has-post-thumbnail","6":"product_cat-anzeige","7":"product_cat-schaukasten-fur-plakate","8":"product_tag-vitrinen-und-bilder","9":"pa_couleurs-luettich","10":"pa_couleurs-metall","11":"pa_specifications-12-blatt","12":"pa_specifications-15-blatt","13":"pa_specifications-18-blaetter","14":"pa_specifications-21-blaetter","15":"pa_specifications-27-blaetter","16":"pa_specifications-8-blaetter","18":"first","19":"instock","20":"taxable","21":"shipping-taxable","22":"purchasable","23":"product-type-variable"},"_links":{"self":[{"href":"https:\/\/cdiffprom.ch\/de\/wp-json\/wp\/v2\/product\/106589","targetHints":{"allow":["GET"]}}],"collection":[{"href":"https:\/\/cdiffprom.ch\/de\/wp-json\/wp\/v2\/product"}],"about":[{"href":"https:\/\/cdiffprom.ch\/de\/wp-json\/wp\/v2\/types\/product"}],"wp:featuredmedia":[{"embeddable":true,"href":"https:\/\/cdiffprom.ch\/de\/wp-json\/wp\/v2\/media\/102402"}],"wp:attachment":[{"href":"https:\/\/cdiffprom.ch\/de\/wp-json\/wp\/v2\/media?parent=106589"}],"wp:term":[{"taxonomy":"product_brand","embeddable":true,"href":"https:\/\/cdiffprom.ch\/de\/wp-json\/wp\/v2\/product_brand?post=106589"},{"taxonomy":"product_cat","embeddable":true,"href":"https:\/\/cdiffprom.ch\/de\/wp-json\/wp\/v2\/product_cat?post=106589"},{"taxonomy":"product_tag","embeddable":true,"href":"https:\/\/cdiffprom.ch\/de\/wp-json\/wp\/v2\/product_tag?post=106589"}],"curies":[{"name":"wp","href":"https:\/\/api.w.org\/{rel}","templated":true}]}}

<h3><span style="color: #800000;"><strong>Vitrinen Display Schiebeglas</strong></span></h3>
<p>Diese Schiebeglasvitrinen sind ein ideales System für die Präsentation einer großen Anzahl von Dokumenten im Innenbereich.</p>
<p>Außerdem eignen sie sich für schmale Durchgänge, wie z.B. Flure, und sparen aufgrund ihres Formats Platz. Sie sind daher nicht sperrig und der Wechsel der Informationsbotschaften wird erleichtert. </p>
<p>Die Rahmen aus natürlich eloxiertem Aluminium haben eine Gesamtstärke von 5 cm, nützlich für Kork 2 cm und Blech 2,8 cm.</p>
<p>Diese Schaukästen sind in 6 Formaten erhältlich, von 8 A4-Blättern bis 27 A4-Blättern.</p>
<p>Dieses Displaysystem besteht aus 2 Schiebetüren aus 4 mm Sicherheitsglas, mit 1 Schloss und 2 Schlüsseln.</p>
<p>Die Wandbefestigung ist in allen vier Winkeln unsichtbar und die Schrauben sind im Lieferumfang enthalten.</p>
<p>Für die Art des Hintergrunds haben Sie zwei Möglichkeiten: Kork, um mit Pinnnadeln zu werben, oder weiß lackiertes Metall, um mit Magneten zu werben.</p>
<p>Wir können Ihnen auch andere Vitrinenmodelle anbieten, darunter die <span style="color: #800000;"><a style="color: #800000;" href="https://cdiffprom.ch/produit/vitrines-dinterieur-extra-plates/">extraflache Vitrinen für Innenräume</a></span>Bitte vergleichen Sie diese.</p>
<p>Für weitere Informationen können Sie<span style="color: #800000;"><a style="color: #800000;" href="https://cdiffprom.ch/elements/contactez-nous/"> uns hier kontaktieren</a></span>. Wir werden sicher eine Lösung für Ihre Bedürfnisse finden. </p>
<p>&nbsp;</p>
<div class="col-xxs-12 col-xs-12 col-sm-12 col-md-6">
<div class="description"><span style="color: #7b756b;">.</span></div>
</div>
<div class="col-xxs-12 col-xs-12 col-sm-12 col-md-6"></div>
<p>&nbsp;</p>

<p>Schaukasten für den Innenbereich!</p>

Schaukasten für den Innenbereich!
