{"id":106645,"date":"2019-07-26T12:14:02","date_gmt":"2019-07-26T10:14:02","guid":{"rendered":"https:\/\/cdiffprom.ch\/produit\/demonstrationsfalttheke-fuer-messen-und-ausstellungen\/"},"modified":"2019-07-26T12:14:02","modified_gmt":"2019-07-26T10:14:02","slug":"demonstrationsfalttheke-fuer-messen-und-ausstellungen","status":"publish","type":"product","link":"https:\/\/cdiffprom.ch\/de\/produit\/demonstrationsfalttheke-fuer-messen-und-ausstellungen\/","title":{"rendered":"Demonstrationsfalttheke f\u00fcr Messen und Ausstellungen"},"content":{"rendered":"<h3><span style=\"color: #800000;\"><strong>Demonstrationsfalttheke f\u00fcr Messen und Ausstellungen<\/strong><\/span><\/h3>\n<p>Mit dieser faltbaren Demo-Theke werden Ihre Mitarbeiter in der ersten Reihe stehen, um Ihren Besuchern bei Ihren Aktionen auf verschiedenen Veranstaltungen au\u00dferhalb Ihrer Verkaufsfl\u00e4che Informationen zu geben.<\/p>\n<p>Diese faltbare Vorf\u00fchrtheke ist in vielen Bereichen n\u00fctzlich, auf Messen, Theken und allen Ausstellungen oder f\u00fcr den Direktverkauf in Einkaufspassagen, sie wird immer Ihr Verb\u00fcndeter sein, um Ihre Kunden zu begeistern.<\/p>\n<p>Er ist sehr einfach aufzubauen und wird mit einer Tragetasche geliefert, in der Sie ihn bequem transportieren k\u00f6nnen. Der Platz auf dem inneren Regal erm\u00f6glicht es Ihnen, alle notwendigen Unterlagen f\u00fcr Ihre Mitarbeiter bereitzuhalten. <\/p>\n<p>Dieser Demo-Klapptisch kann auch an Ihre Firmenfarben angepasst werden. Der Preis beinhaltet nicht den Druck, aber unser Partner Justo Publicit\u00e9 wird Ihnen gerne einen Druck zum besten Preis anbieten.<\/p>\n<p>Besuchen Sie auch unsere Seite <span style=\"color: #800000;\"><a style=\"color: #800000;\" href=\"https:\/\/cdiffprom.ch\/product-category\/exposition-et-panneaux\/comptoirs-de-stand-exposition-et-panneaux\/\">Standtheken<\/a> <\/span>Dort finden Sie weitere Modelle.<\/p>\n<p>Haben Sie Fragen? Z\u00f6gern Sie nicht, uns zu kontaktieren. <span style=\"color: #800000;\"><a style=\"color: #800000;\" href=\"https:\/\/cdiffprom.ch\/elements\/contactez-nous\/\">kontaktieren Sie bitte<\/a><\/span>Wir werden gemeinsam mit Ihnen eine L\u00f6sung finden. <\/p>\n<p>Um Ihnen die besten Preise anbieten zu k\u00f6nnen, lagern wir diese Demo-Klapptheke nicht. Sie erhalten sie innerhalb von 10 Tagen nach Erhalt Ihrer Auftragsbest\u00e4tigung.<\/p>\n<h4><span style=\"color: #800000;\"><strong>Technische Spezifikationen<\/strong><\/span><\/h4>\n<ul>\n<li>1 obere Platte 51 x 90 cm aus thermogeformtem Hartpolystyrol.<\/li>\n<li>1 unteres Regal 51 x 90 cm f\u00fcr Ihren Stauraum<\/li>\n<li>1 Kunststoffschild 35 x 83 cm aus wei\u00dfem Bohrer 3 mm, befestigt an 2 vertikalen Metallrohren<\/li>\n<li>Wird zerlegt geliefert, Transporttasche im Lieferumfang enthalten<\/li>\n<li>Struktur aus wei\u00dfem Polypropylen-Kunststoff<\/li>\n<li>Nutzbare Gr\u00f6\u00dfe f\u00fcr Personalisierung H 89 x B 197 cm <\/li>\n<li>Abmessungen zusammengefaltet in der Tasche H 50 x B 95 x T 18 cm <\/li>\n<li>Ma\u00dfe montiert H 220 x B 90 x T 51 cm <\/li>\n<li>Gesamtgewicht 14 kg<\/li>\n<\/ul>\n","protected":false},"excerpt":{"rendered":"<p>Die ideale L\u00f6sung f\u00fcr Ihre Marketingaktionen, Messen, Ausstellungen, Vorf\u00fchrungen au\u00dferhalb Ihres Verkaufsraums.<\/p>\n<p>Individuell nach Ihren W\u00fcnschen gestaltbar.<\/p>\n<p>Fragen Sie nach unseren Mengenrabatten, wenn Sie einen Mehrfachkauf planen.<\/p>\n","protected":false},"featured_media":103736,"template":"","meta":{"slim_seo":{"title":"Demonstrationsfalttheke f\u00fcr Messen und Ausstellungen - Suisse - C.Diff-Prom","description":"Die ideale L\u00f6sung f\u00fcr Ihre Marketingaktionen, Messen, Ausstellungen, Vorf\u00fchrungen au\u00dferhalb Ihres Verkaufsraums. Individuell nach Ihren W\u00fcnschen gestaltbar. Fra"}},"product_brand":[],"product_cat":[6362,6357],"product_tag":[6364,6569],"class_list":{"0":"post-106645","1":"product","2":"type-product","3":"status-publish","4":"has-post-thumbnail","6":"product_cat-ausstellungen","7":"product_cat-standtheken","8":"product_tag-pos-materialien","9":"product_tag-standtheken","11":"first","12":"instock","13":"taxable","14":"shipping-taxable","15":"purchasable","16":"product-type-simple"},"_links":{"self":[{"href":"https:\/\/cdiffprom.ch\/de\/wp-json\/wp\/v2\/product\/106645","targetHints":{"allow":["GET"]}}],"collection":[{"href":"https:\/\/cdiffprom.ch\/de\/wp-json\/wp\/v2\/product"}],"about":[{"href":"https:\/\/cdiffprom.ch\/de\/wp-json\/wp\/v2\/types\/product"}],"wp:featuredmedia":[{"embeddable":true,"href":"https:\/\/cdiffprom.ch\/de\/wp-json\/wp\/v2\/media\/103736"}],"wp:attachment":[{"href":"https:\/\/cdiffprom.ch\/de\/wp-json\/wp\/v2\/media?parent=106645"}],"wp:term":[{"taxonomy":"product_brand","embeddable":true,"href":"https:\/\/cdiffprom.ch\/de\/wp-json\/wp\/v2\/product_brand?post=106645"},{"taxonomy":"product_cat","embeddable":true,"href":"https:\/\/cdiffprom.ch\/de\/wp-json\/wp\/v2\/product_cat?post=106645"},{"taxonomy":"product_tag","embeddable":true,"href":"https:\/\/cdiffprom.ch\/de\/wp-json\/wp\/v2\/product_tag?post=106645"}],"curies":[{"name":"wp","href":"https:\/\/api.w.org\/{rel}","templated":true}]}}

Demonstrationsfalttheke für Messen und Ausstellungen

<h3><span style="color: #800000;"><strong>Demonstrationsfalttheke für Messen und Ausstellungen</strong></span></h3>
<p>Mit dieser faltbaren Demo-Theke werden Ihre Mitarbeiter in der ersten Reihe stehen, um Ihren Besuchern bei Ihren Aktionen auf verschiedenen Veranstaltungen außerhalb Ihrer Verkaufsfläche Informationen zu geben.</p>
<p>Diese faltbare Vorführtheke ist in vielen Bereichen nützlich, auf Messen, Theken und allen Ausstellungen oder für den Direktverkauf in Einkaufspassagen, sie wird immer Ihr Verbündeter sein, um Ihre Kunden zu begeistern.</p>
<p>Er ist sehr einfach aufzubauen und wird mit einer Tragetasche geliefert, in der Sie ihn bequem transportieren können. Der Platz auf dem inneren Regal ermöglicht es Ihnen, alle notwendigen Unterlagen für Ihre Mitarbeiter bereitzuhalten. </p>
<p>Dieser Demo-Klapptisch kann auch an Ihre Firmenfarben angepasst werden. Der Preis beinhaltet nicht den Druck, aber unser Partner Justo Publicité wird Ihnen gerne einen Druck zum besten Preis anbieten.</p>
<p>Besuchen Sie auch unsere Seite <span style="color: #800000;"><a style="color: #800000;" href="https://cdiffprom.ch/product-category/exposition-et-panneaux/comptoirs-de-stand-exposition-et-panneaux/">Standtheken</a> </span>Dort finden Sie weitere Modelle.</p>
<p>Haben Sie Fragen? Zögern Sie nicht, uns zu kontaktieren. <span style="color: #800000;"><a style="color: #800000;" href="https://cdiffprom.ch/elements/contactez-nous/">kontaktieren Sie bitte</a></span>Wir werden gemeinsam mit Ihnen eine Lösung finden. </p>
<p>Um Ihnen die besten Preise anbieten zu können, lagern wir diese Demo-Klapptheke nicht. Sie erhalten sie innerhalb von 10 Tagen nach Erhalt Ihrer Auftragsbestätigung.</p>
<h4><span style="color: #800000;"><strong>Technische Spezifikationen</strong></span></h4>
<ul>
<li>1 obere Platte 51 x 90 cm aus thermogeformtem Hartpolystyrol.</li>
<li>1 unteres Regal 51 x 90 cm für Ihren Stauraum</li>
<li>1 Kunststoffschild 35 x 83 cm aus weißem Bohrer 3 mm, befestigt an 2 vertikalen Metallrohren</li>
<li>Wird zerlegt geliefert, Transporttasche im Lieferumfang enthalten</li>
<li>Struktur aus weißem Polypropylen-Kunststoff</li>
<li>Nutzbare Größe für Personalisierung H 89 x B 197 cm </li>
<li>Abmessungen zusammengefaltet in der Tasche H 50 x B 95 x T 18 cm </li>
<li>Maße montiert H 220 x B 90 x T 51 cm </li>
<li>Gesamtgewicht 14 kg</li>
</ul>

<p>Die ideale Lösung für Ihre Marketingaktionen, Messen, Ausstellungen, Vorführungen außerhalb Ihres Verkaufsraums.</p>
<p>Individuell nach Ihren Wünschen gestaltbar.</p>
<p>Fragen Sie nach unseren Mengenrabatten, wenn Sie einen Mehrfachkauf planen.</p>

Demonstrationsfalttheke für Messen und Ausstellungen - Suisse - C.Diff-Prom

Die ideale Lösung für Ihre Marketingaktionen, Messen, Ausstellungen, Vorführungen außerhalb Ihres Verkaufsraums. Individuell nach Ihren Wünschen gestaltbar. Fra
