{"id":106743,"date":"2019-07-26T12:32:36","date_gmt":"2019-07-26T10:32:36","guid":{"rendered":"https:\/\/cdiffprom.ch\/produit\/ausstellungsvitrine-mit-beleuchtung-und-reserve\/"},"modified":"2019-07-26T12:32:36","modified_gmt":"2019-07-26T10:32:36","slug":"ausstellungsvitrine-mit-beleuchtung-und-reserve","status":"publish","type":"product","link":"https:\/\/cdiffprom.ch\/de\/produit\/ausstellungsvitrine-mit-beleuchtung-und-reserve\/","title":{"rendered":"Ausstellungsvitrine mit Beleuchtung und Reserve"},"content":{"rendered":"<h3><span style=\"color: #800000;\"><strong>Ausstellungsvitrine mit Beleuchtung und Reserve<\/strong><\/span><\/h3>\n<p>Mit diesem Schaukasten mit Beleuchtung und Reserve haben Sie ein M\u00f6belst\u00fcck, das es Ihnen erm\u00f6glicht, Ihre wertvollen und\/oder zerbrechlichen Gegenst\u00e4nde auf elegante und praktische Weise zu pr\u00e4sentieren und zur Geltung zu bringen.<\/p>\n<p>Sie eignet sich f\u00fcr :<\/p>\n<ul>\n<li>B\u00fcros<\/li>\n<li>Eingangshallen<\/li>\n<li>Museen<\/li>\n<li>Ausstellungen, Messen, Ausstellungen<\/li>\n<li>Fachgesch\u00e4fte<\/li>\n<\/ul>\n<h4><span style=\"color: #800000;\"><strong>2 Modelle zur Auswahl :<\/strong><\/span><\/h4>\n<ul>\n<li>H 90 cm x Breite 45 cm, Tiefe 45 cm, 2 Seitenspots, 30 kg<\/li>\n<li>H 90 cm x Breite 90 cm, Tiefe 45 cm, 8 Seitenspots, 50 kg<\/li>\n<\/ul>\n<h4><span style=\"color: #800000;\"><strong>Merkmale :<\/strong><\/span><\/h4>\n<ul>\n<li>Der Schaukasten wird komplett montiert geliefert und ist sofort einsatzbereit.<\/li>\n<li>Sehr robuste Struktur aus mattschwarz lackiertem Aluminium, W\u00e4nde aus Sicherheitsglas auf allen Seiten<\/li>\n<li>Ablagen aus 7 mm starkem Sicherheitsglas, eventuell verstellbar<\/li>\n<li>Unterer Bereich aus mattschwarzem Laminat<\/li>\n<li>2-Schl\u00fcssel-Schloss f\u00fcr die Vitrine und den Vorratsraum<\/li>\n<li>Eckige LED-Spots 220 V<\/li>\n<li>Schalter auf der Innenseite des Schaufensters<\/li>\n<li>2 m langes Kabel.<\/li>\n<li>Mobil auf 4 (unsichtbaren) Rollen zum Verschieben<\/li>\n<li>4 Arretierungszylinder, um ihn zu fixieren<\/li>\n<\/ul>\n<h3><span style=\"color: #800000;\"><strong>Lieferbedingungen :<br \/>\n<\/strong><\/span><\/h3>\n<p>Zu Ihrer Information: Nach Eingang Ihres Auftrags sind unsere Produkte innerhalb von etwa zehn Tagen lieferbar.<\/p>\n<p>Z\u00f6gern Sie nicht <u><a href=\"https:\/\/cdiffprom.ch\/elements\/contactez-nous\/\"><span style=\"color: #800000;\">kontaktieren Sie uns bitte.<\/span><\/a><\/u> Wenn Sie einen dringenderen Bedarf haben, haben wir immer eine schnellere L\u00f6sung f\u00fcr Sie und k\u00f6nnen Sie auch \u00fcber Rabatte bei Mengenbestellungen informieren.<\/p>\n<p>Einige Artikel k\u00f6nnen eine l\u00e4ngere Lieferzeit in Anspruch nehmen, da sie nicht auf Lager unseres Lieferanten sind. In diesem Fall werden Sie nach Eingang Ihrer Bestellung benachrichtigt. <\/p>\n<p>Wir liefern versandkostenfrei ab einem Bestellwert von CHF. 500.-. Unterhalb dieses Betrags wird eine Pauschale von CHF. 15,90 zu entrichten. <\/p>\n<p>Bei allen Online-Bestellungen f\u00fchren wir immer einen Telefonanruf durch, um sicherzustellen, dass Sie das richtige Produkt f\u00fcr Ihre Bed\u00fcrfnisse ausgew\u00e4hlt haben. So k\u00f6nnen Sie sicher sein, dass Sie die richtige Wahl treffen. <\/p>\n<p>Bitte beachten Sie, dass die Promo-Codes nicht kumulierbar sind und der Rabatt auf Ihrer Bestellung sichtbar ist.<\/p>\n<p>&nbsp;<\/p>\n","protected":false},"excerpt":{"rendered":"<p>Diese Vitrinen sind wieder verf\u00fcgbar<\/p>\n","protected":false},"featured_media":102614,"template":"","meta":{"slim_seo":{"title":"Ausstellungsvitrine mit Beleuchtung und Reserve - Suisse - C.Diff-Prom","description":"Diese Vitrinen sind wieder verf\u00fcgbar"}},"product_brand":[],"product_cat":[6362,6419],"product_tag":[6734],"class_list":{"0":"post-106743","1":"product","2":"type-product","3":"status-publish","4":"has-post-thumbnail","6":"product_cat-ausstellungen","7":"product_cat-ausstellungsvitrinen","8":"product_tag-glasvitrinen","9":"pa_dimensions-h-90-x-breite-45-x-tiefe-45-cm","10":"pa_dimensions-h-90-x-breite-90-x-tiefe-45-cm","12":"first","13":"instock","14":"taxable","15":"shipping-taxable","16":"purchasable","17":"product-type-variable"},"_links":{"self":[{"href":"https:\/\/cdiffprom.ch\/de\/wp-json\/wp\/v2\/product\/106743","targetHints":{"allow":["GET"]}}],"collection":[{"href":"https:\/\/cdiffprom.ch\/de\/wp-json\/wp\/v2\/product"}],"about":[{"href":"https:\/\/cdiffprom.ch\/de\/wp-json\/wp\/v2\/types\/product"}],"wp:featuredmedia":[{"embeddable":true,"href":"https:\/\/cdiffprom.ch\/de\/wp-json\/wp\/v2\/media\/102614"}],"wp:attachment":[{"href":"https:\/\/cdiffprom.ch\/de\/wp-json\/wp\/v2\/media?parent=106743"}],"wp:term":[{"taxonomy":"product_brand","embeddable":true,"href":"https:\/\/cdiffprom.ch\/de\/wp-json\/wp\/v2\/product_brand?post=106743"},{"taxonomy":"product_cat","embeddable":true,"href":"https:\/\/cdiffprom.ch\/de\/wp-json\/wp\/v2\/product_cat?post=106743"},{"taxonomy":"product_tag","embeddable":true,"href":"https:\/\/cdiffprom.ch\/de\/wp-json\/wp\/v2\/product_tag?post=106743"}],"curies":[{"name":"wp","href":"https:\/\/api.w.org\/{rel}","templated":true}]}}

<h3><span style="color: #800000;"><strong>Ausstellungsvitrine mit Beleuchtung und Reserve</strong></span></h3>
<p>Mit diesem Schaukasten mit Beleuchtung und Reserve haben Sie ein Möbelstück, das es Ihnen ermöglicht, Ihre wertvollen und/oder zerbrechlichen Gegenstände auf elegante und praktische Weise zu präsentieren und zur Geltung zu bringen.</p>
<p>Sie eignet sich für :</p>
<ul>
<li>Büros</li>
<li>Eingangshallen</li>
<li>Museen</li>
<li>Ausstellungen, Messen, Ausstellungen</li>
<li>Fachgeschäfte</li>
</ul>
<h4><span style="color: #800000;"><strong>2 Modelle zur Auswahl :</strong></span></h4>
<ul>
<li>H 90 cm x Breite 45 cm, Tiefe 45 cm, 2 Seitenspots, 30 kg</li>
<li>H 90 cm x Breite 90 cm, Tiefe 45 cm, 8 Seitenspots, 50 kg</li>
</ul>
<h4><span style="color: #800000;"><strong>Merkmale :</strong></span></h4>
<ul>
<li>Der Schaukasten wird komplett montiert geliefert und ist sofort einsatzbereit.</li>
<li>Sehr robuste Struktur aus mattschwarz lackiertem Aluminium, Wände aus Sicherheitsglas auf allen Seiten</li>
<li>Ablagen aus 7 mm starkem Sicherheitsglas, eventuell verstellbar</li>
<li>Unterer Bereich aus mattschwarzem Laminat</li>
<li>2-Schlüssel-Schloss für die Vitrine und den Vorratsraum</li>
<li>Eckige LED-Spots 220 V</li>
<li>Schalter auf der Innenseite des Schaufensters</li>
<li>2 m langes Kabel.</li>
<li>Mobil auf 4 (unsichtbaren) Rollen zum Verschieben</li>
<li>4 Arretierungszylinder, um ihn zu fixieren</li>
</ul>
<h3><span style="color: #800000;"><strong>Lieferbedingungen :<br />
</strong></span></h3>
<p>Zu Ihrer Information: Nach Eingang Ihres Auftrags sind unsere Produkte innerhalb von etwa zehn Tagen lieferbar.</p>
<p>Zögern Sie nicht <u><a href="https://cdiffprom.ch/elements/contactez-nous/"><span style="color: #800000;">kontaktieren Sie uns bitte.</span></a></u> Wenn Sie einen dringenderen Bedarf haben, haben wir immer eine schnellere Lösung für Sie und können Sie auch über Rabatte bei Mengenbestellungen informieren.</p>
<p>Einige Artikel können eine längere Lieferzeit in Anspruch nehmen, da sie nicht auf Lager unseres Lieferanten sind. In diesem Fall werden Sie nach Eingang Ihrer Bestellung benachrichtigt. </p>
<p>Wir liefern versandkostenfrei ab einem Bestellwert von CHF. 500.-. Unterhalb dieses Betrags wird eine Pauschale von CHF. 15,90 zu entrichten. </p>
<p>Bei allen Online-Bestellungen führen wir immer einen Telefonanruf durch, um sicherzustellen, dass Sie das richtige Produkt für Ihre Bedürfnisse ausgewählt haben. So können Sie sicher sein, dass Sie die richtige Wahl treffen. </p>
<p>Bitte beachten Sie, dass die Promo-Codes nicht kumulierbar sind und der Rabatt auf Ihrer Bestellung sichtbar ist.</p>
<p>&nbsp;</p>

<p>Diese Vitrinen sind wieder verfügbar</p>

Diese Vitrinen sind wieder verfügbar
