{"id":106744,"date":"2019-07-26T12:32:33","date_gmt":"2019-07-26T10:32:33","guid":{"rendered":"https:\/\/cdiffprom.ch\/produit\/vitrine-theke-auf-rollen\/"},"modified":"2019-07-26T12:32:33","modified_gmt":"2019-07-26T10:32:33","slug":"vitrine-theke-auf-rollen","status":"publish","type":"product","link":"https:\/\/cdiffprom.ch\/de\/produit\/vitrine-theke-auf-rollen\/","title":{"rendered":"Vitrine Theke auf Rollen"},"content":{"rendered":"<h3><span style=\"color: #800000;\"><strong>Vitrine Theke auf Rollen<\/strong><\/span><\/h3>\n<p>Mit dieser rollbaren Vitrine k\u00f6nnen Sie Ihre verschiedenen Objekte oder Artikel ausstellen und pr\u00e4sentieren.<\/p>\n<p>Sie eignet sich sowohl f\u00fcr Wartezimmer und Empfangshallen als auch f\u00fcr Verkaufsstellen oder Ausstellungen\/Messen, um Besucher oder Ihre Kunden anzusprechen.<\/p>\n<h4><span style=\"color: #800000;\"><strong>Merkmale :<\/strong><\/span><\/h4>\n<ul>\n<li>2 Farben f\u00fcr den Sockel zur Auswahl: matt wei\u00df oder matt schwarz<\/li>\n<li>Sockel aus Schichtholz, Dach aus Glas (kein Spot)<\/li>\n<li>2 feste Regale, d.h. 3 Ebenen<\/li>\n<li>100% aus Glas hergestellt<\/li>\n<li>5 mm dickes, geh\u00e4rtetes Sicherheitsglas<\/li>\n<li>Schiebet\u00fcren mit 2-Schl\u00fcssel-Schloss<\/li>\n<li>Abstand zwischen den Regalb\u00f6den von unten: 30, 26 und 24 cm<\/li>\n<li>H 95 x B 72 x T 46 cm<\/li>\n<li>Auf unsichtbaren Rollen<\/li>\n<\/ul>\n<h4><span style=\"color: #800000;\"><strong>Lieferbedingungen :<br \/>\n<\/strong><\/span><\/h4>\n<p>Zu Ihrer Information: Sobald wir Ihren Auftrag erhalten haben, ist dieser Schaukasten innerhalb von ca. 3 bis 4 Wochen lieferbar.<\/p>\n<p>Z\u00f6gern Sie nicht <u><a href=\"https:\/\/cdiffprom.ch\/elements\/contactez-nous\/\"><span style=\"color: #800000;\"><strong>kontaktieren Sie uns bitte.<\/strong><\/span><\/a><\/u> Wenn Sie einen dringenderen Bedarf haben, haben wir immer eine schnellere L\u00f6sung f\u00fcr Sie und k\u00f6nnen Sie auch \u00fcber Rabatte bei Mengenbestellungen informieren.<\/p>\n<p>Wir liefern versandkostenfrei ab einem Bestellwert von CHF. 500.-. Unterhalb dieses Betrags wird eine Pauschale von CHF. 15,90 zu entrichten. <\/p>\n<p>Bei allen Online-Bestellungen f\u00fchren wir immer einen Telefonanruf durch, um sicherzustellen, dass Sie das richtige Produkt f\u00fcr Ihre Bed\u00fcrfnisse ausgew\u00e4hlt haben. So k\u00f6nnen Sie sicher sein, dass Sie die richtige Wahl treffen. <\/p>\n<p>Bitte beachten Sie, dass die Promo-Codes nicht kumulierbar sind und der Rabatt auf Ihrer Bestellung sichtbar ist.<\/p>\n","protected":false},"excerpt":{"rendered":"<p>Transparent, zur Hervorhebung der Exponate<\/p>\n","protected":false},"featured_media":102604,"template":"","meta":{"slim_seo":{"title":"Vitrine Theke auf Rollen - Suisse - C.Diff-Prom","description":"Transparent, zur Hervorhebung der Exponate"}},"product_brand":[],"product_cat":[6362,6419],"product_tag":[6734],"class_list":{"0":"post-106744","1":"product","2":"type-product","3":"status-publish","4":"has-post-thumbnail","6":"product_cat-ausstellungen","7":"product_cat-ausstellungsvitrinen","8":"product_tag-glasvitrinen","9":"pa_couleurs-schwarzer-sockel","10":"pa_couleurs-weisser-sockel","12":"first","13":"instock","14":"taxable","15":"shipping-taxable","16":"purchasable","17":"product-type-variable"},"_links":{"self":[{"href":"https:\/\/cdiffprom.ch\/de\/wp-json\/wp\/v2\/product\/106744","targetHints":{"allow":["GET"]}}],"collection":[{"href":"https:\/\/cdiffprom.ch\/de\/wp-json\/wp\/v2\/product"}],"about":[{"href":"https:\/\/cdiffprom.ch\/de\/wp-json\/wp\/v2\/types\/product"}],"wp:featuredmedia":[{"embeddable":true,"href":"https:\/\/cdiffprom.ch\/de\/wp-json\/wp\/v2\/media\/102604"}],"wp:attachment":[{"href":"https:\/\/cdiffprom.ch\/de\/wp-json\/wp\/v2\/media?parent=106744"}],"wp:term":[{"taxonomy":"product_brand","embeddable":true,"href":"https:\/\/cdiffprom.ch\/de\/wp-json\/wp\/v2\/product_brand?post=106744"},{"taxonomy":"product_cat","embeddable":true,"href":"https:\/\/cdiffprom.ch\/de\/wp-json\/wp\/v2\/product_cat?post=106744"},{"taxonomy":"product_tag","embeddable":true,"href":"https:\/\/cdiffprom.ch\/de\/wp-json\/wp\/v2\/product_tag?post=106744"}],"curies":[{"name":"wp","href":"https:\/\/api.w.org\/{rel}","templated":true}]}}

<h3><span style="color: #800000;"><strong>Vitrine Theke auf Rollen</strong></span></h3>
<p>Mit dieser rollbaren Vitrine können Sie Ihre verschiedenen Objekte oder Artikel ausstellen und präsentieren.</p>
<p>Sie eignet sich sowohl für Wartezimmer und Empfangshallen als auch für Verkaufsstellen oder Ausstellungen/Messen, um Besucher oder Ihre Kunden anzusprechen.</p>
<h4><span style="color: #800000;"><strong>Merkmale :</strong></span></h4>
<ul>
<li>2 Farben für den Sockel zur Auswahl: matt weiß oder matt schwarz</li>
<li>Sockel aus Schichtholz, Dach aus Glas (kein Spot)</li>
<li>2 feste Regale, d.h. 3 Ebenen</li>
<li>100% aus Glas hergestellt</li>
<li>5 mm dickes, gehärtetes Sicherheitsglas</li>
<li>Schiebetüren mit 2-Schlüssel-Schloss</li>
<li>Abstand zwischen den Regalböden von unten: 30, 26 und 24 cm</li>
<li>H 95 x B 72 x T 46 cm</li>
<li>Auf unsichtbaren Rollen</li>
</ul>
<h4><span style="color: #800000;"><strong>Lieferbedingungen :<br />
</strong></span></h4>
<p>Zu Ihrer Information: Sobald wir Ihren Auftrag erhalten haben, ist dieser Schaukasten innerhalb von ca. 3 bis 4 Wochen lieferbar.</p>
<p>Zögern Sie nicht <u><a href="https://cdiffprom.ch/elements/contactez-nous/"><span style="color: #800000;"><strong>kontaktieren Sie uns bitte.</strong></span></a></u> Wenn Sie einen dringenderen Bedarf haben, haben wir immer eine schnellere Lösung für Sie und können Sie auch über Rabatte bei Mengenbestellungen informieren.</p>
<p>Wir liefern versandkostenfrei ab einem Bestellwert von CHF. 500.-. Unterhalb dieses Betrags wird eine Pauschale von CHF. 15,90 zu entrichten. </p>
<p>Bei allen Online-Bestellungen führen wir immer einen Telefonanruf durch, um sicherzustellen, dass Sie das richtige Produkt für Ihre Bedürfnisse ausgewählt haben. So können Sie sicher sein, dass Sie die richtige Wahl treffen. </p>
<p>Bitte beachten Sie, dass die Promo-Codes nicht kumulierbar sind und der Rabatt auf Ihrer Bestellung sichtbar ist.</p>
