{"id":106942,"date":"2019-07-26T07:56:49","date_gmt":"2019-07-26T05:56:49","guid":{"rendered":"https:\/\/cdiffprom.ch\/produit\/rahmen-anzeige-ecken-verchromt\/"},"modified":"2019-07-26T07:56:49","modified_gmt":"2019-07-26T05:56:49","slug":"rahmen-anzeige-ecken-verchromt","status":"publish","type":"product","link":"https:\/\/cdiffprom.ch\/de\/produit\/rahmen-anzeige-ecken-verchromt\/","title":{"rendered":"Rahmen Anzeige Ecken verchromt"},"content":{"rendered":"<h3><span style=\"color: #800000;\"><strong>Rahmen Anzeige Ecken verchromt<\/strong><\/span><\/h3>\n<p>Unsere verchromten Ecken k\u00f6nnen sowohl im Innen- als auch im Au\u00dfenbereich verwendet werden, um Ihre Informationen, Poster, Notizen, Anweisungen, Anweisungen, Poster zu pr\u00e4sentieren.<\/p>\n<p>Unsere verchromten Eck-Plakatrahmen k\u00f6nnen auch im gesch\u00fctzten Au\u00dfenbereich verwendet werden,<\/p>\n<p>Eleganter als der rechteckige Kollege <a href=\"https:\/\/cdiffprom.ch\/produit\/cadres-daffichages-muraux-geneve-lausanne\/\"><span style=\"color: #800000;\">als die rechte Seite.<\/span><\/a>Die verchromten Ecken dieses Displayrahmens sind dank der Clic-Clac-Profile einfach zu bedienen<span style=\"color: #800000;\">.<\/span> <\/p>\n<p>Die Gesichts\u00f6ffnung erm\u00f6glicht es Ihnen, Ihre Bilder beliebig oft auszutauschen, ohne dass Sie den Rahmen von der Wand nehmen m\u00fcssen.<\/p>\n<p>Wir montieren sie gerne auf Ihrer Vorderseite. Wir beraten Sie gerne. <span style=\"color: #800000;\"><a style=\"color: #800000;\" href=\"https:\/\/cdiffprom.ch\/elements\/contactez-nous\/\">Weitere Informationen finden Sie unter<\/a> <\/span>\u00fcber unsere Mengenrabatte, die ab 5 Rahmen in der gleichen Gr\u00f6\u00dfe erh\u00e4ltlich sind. <\/p>\n<p>Vielseitig verwendbar in der Presse f\u00fcr Ihre t\u00e4glichen Schlagzeilen und in der Immobilienbranche f\u00fcr Ihre allgemeinen Gesch\u00e4ftsbedingungen. Ideal auch in der Automobilbranche, um z.B. Gebrauchtwagen zu pr\u00e4sentieren und in der Friseurbranche, um Ihren Modellen ein hochwertiges Etui zu bieten. <\/p>\n<p>Die Garantie f\u00fcr Plakatrahmen betr\u00e4gt 2 Jahre bei normaler Nutzung und ohne Vandalismus.<\/p>\n<h4><strong><span style=\"color: #800000;\">Technische Spezifikationen<\/span><\/strong><\/h4>\n<ul>\n<li>Rahmen aus naturfarbenem eloxiertem Aluminium mit klappbaren Profilen und abgerundeten verchromten Ecken.<\/li>\n<li>Durchsichtiger, entspiegelter Plexiglasschutz<\/li>\n<li>Extraflache Rahmen mit einer Gesamtdicke von 14 mm, f\u00fcr Hoch- und Querformat.<\/li>\n<li>Verwendung im Hoch- oder Querformat.<\/li>\n<li>Schrauben und D\u00fcbel im Lieferumfang enthalten<\/li>\n<\/ul>\n<h4><strong><span style=\"color: #800000;\">Was Sie wissen sollten<\/span><\/strong><\/h4>\n<p>Das Prinzip des Antireflexsystems liegt in seinem Plexiglas, das innen glatt und au\u00dfen leicht rau ist, denken Sie daran, wenn Sie Ihre Poster austauschen, der einfachste Weg, um zu wissen, ob Sie richtig liegen. Stellen Sie sich vor den Rahmen, wenn Sie sich sehen, m\u00fcssen Sie Ihr Plexiglas umdrehen, um den Spiegeleffekt zu beseitigen. <\/p>\n<p>Aufgrund der gro\u00dfen Auswahl an Gr\u00f6\u00dfen haben wir nicht alle Gr\u00f6\u00dfen auf Lager. Unsere Lieferzeiten betragen ca. 10 Tage nach Erhalt Ihrer Auftragsbest\u00e4tigung.<\/p>\n","protected":false},"excerpt":{"rendered":"<p>Clic-Clac-Prinzip &#8211; Wechseln Sie Ihre Poster in Sekundenschnelle, ohne den Rahmen entfernen zu m\u00fcssen.<\/p>\n","protected":false},"featured_media":101738,"template":"","meta":{"slim_seo":{"title":"Rahmen Anzeige Ecken verchromt - Suisse - C.Diff-Prom","description":"Clic-Clac-Prinzip - Wechseln Sie Ihre Poster in Sekundenschnelle, ohne den Rahmen entfernen zu m\u00fcssen."}},"product_brand":[],"product_cat":[6342,6339],"product_tag":[6573],"class_list":{"0":"post-106942","1":"product","2":"type-product","3":"status-publish","4":"has-post-thumbnail","6":"product_cat-anzeige","7":"product_cat-plakatrahmen","8":"product_tag-wandklapprahmen-mit-klick-klack-funktion","9":"pa_dimensions-30-x-63-cm-de","10":"pa_dimensions-60-x-160-cm-de","11":"pa_dimensions-60-x-80-cm-de","12":"pa_dimensions-70-x-100-cm-de","13":"pa_dimensions-80-x-120-cm-de","14":"pa_dimensions-a0-84-x-118-8-cm-de","15":"pa_dimensions-a1-594-x-84-cm-de","16":"pa_dimensions-a2-42-x-594-cm-de","17":"pa_dimensions-a3-297-x-42-cm-de","18":"pa_dimensions-a4-21-x-297-cm-de","19":"pa_dimensions-a5-14-8-x-21-cm-de","21":"first","22":"instock","23":"taxable","24":"shipping-taxable","25":"purchasable","26":"product-type-variable"},"_links":{"self":[{"href":"https:\/\/cdiffprom.ch\/de\/wp-json\/wp\/v2\/product\/106942","targetHints":{"allow":["GET"]}}],"collection":[{"href":"https:\/\/cdiffprom.ch\/de\/wp-json\/wp\/v2\/product"}],"about":[{"href":"https:\/\/cdiffprom.ch\/de\/wp-json\/wp\/v2\/types\/product"}],"wp:featuredmedia":[{"embeddable":true,"href":"https:\/\/cdiffprom.ch\/de\/wp-json\/wp\/v2\/media\/101738"}],"wp:attachment":[{"href":"https:\/\/cdiffprom.ch\/de\/wp-json\/wp\/v2\/media?parent=106942"}],"wp:term":[{"taxonomy":"product_brand","embeddable":true,"href":"https:\/\/cdiffprom.ch\/de\/wp-json\/wp\/v2\/product_brand?post=106942"},{"taxonomy":"product_cat","embeddable":true,"href":"https:\/\/cdiffprom.ch\/de\/wp-json\/wp\/v2\/product_cat?post=106942"},{"taxonomy":"product_tag","embeddable":true,"href":"https:\/\/cdiffprom.ch\/de\/wp-json\/wp\/v2\/product_tag?post=106942"}],"curies":[{"name":"wp","href":"https:\/\/api.w.org\/{rel}","templated":true}]}}

<h3><span style="color: #800000;"><strong>Rahmen Anzeige Ecken verchromt</strong></span></h3>
<p>Unsere verchromten Ecken können sowohl im Innen- als auch im Außenbereich verwendet werden, um Ihre Informationen, Poster, Notizen, Anweisungen, Anweisungen, Poster zu präsentieren.</p>
<p>Unsere verchromten Eck-Plakatrahmen können auch im geschützten Außenbereich verwendet werden,</p>
<p>Eleganter als der rechteckige Kollege <a href="https://cdiffprom.ch/produit/cadres-daffichages-muraux-geneve-lausanne/"><span style="color: #800000;">als die rechte Seite.</span></a>Die verchromten Ecken dieses Displayrahmens sind dank der Clic-Clac-Profile einfach zu bedienen<span style="color: #800000;">.</span> </p>
<p>Die Gesichtsöffnung ermöglicht es Ihnen, Ihre Bilder beliebig oft auszutauschen, ohne dass Sie den Rahmen von der Wand nehmen müssen.</p>
<p>Wir montieren sie gerne auf Ihrer Vorderseite. Wir beraten Sie gerne. <span style="color: #800000;"><a style="color: #800000;" href="https://cdiffprom.ch/elements/contactez-nous/">Weitere Informationen finden Sie unter</a> </span>über unsere Mengenrabatte, die ab 5 Rahmen in der gleichen Größe erhältlich sind. </p>
<p>Vielseitig verwendbar in der Presse für Ihre täglichen Schlagzeilen und in der Immobilienbranche für Ihre allgemeinen Geschäftsbedingungen. Ideal auch in der Automobilbranche, um z.B. Gebrauchtwagen zu präsentieren und in der Friseurbranche, um Ihren Modellen ein hochwertiges Etui zu bieten. </p>
<p>Die Garantie für Plakatrahmen beträgt 2 Jahre bei normaler Nutzung und ohne Vandalismus.</p>
<h4><strong><span style="color: #800000;">Technische Spezifikationen</span></strong></h4>
<ul>
<li>Rahmen aus naturfarbenem eloxiertem Aluminium mit klappbaren Profilen und abgerundeten verchromten Ecken.</li>
<li>Durchsichtiger, entspiegelter Plexiglasschutz</li>
<li>Extraflache Rahmen mit einer Gesamtdicke von 14 mm, für Hoch- und Querformat.</li>
<li>Verwendung im Hoch- oder Querformat.</li>
<li>Schrauben und Dübel im Lieferumfang enthalten</li>
</ul>
<h4><strong><span style="color: #800000;">Was Sie wissen sollten</span></strong></h4>
<p>Das Prinzip des Antireflexsystems liegt in seinem Plexiglas, das innen glatt und außen leicht rau ist, denken Sie daran, wenn Sie Ihre Poster austauschen, der einfachste Weg, um zu wissen, ob Sie richtig liegen. Stellen Sie sich vor den Rahmen, wenn Sie sich sehen, müssen Sie Ihr Plexiglas umdrehen, um den Spiegeleffekt zu beseitigen. </p>
<p>Aufgrund der großen Auswahl an Größen haben wir nicht alle Größen auf Lager. Unsere Lieferzeiten betragen ca. 10 Tage nach Erhalt Ihrer Auftragsbestätigung.</p>

<p>Clic-Clac-Prinzip &#8211; Wechseln Sie Ihre Poster in Sekundenschnelle, ohne den Rahmen entfernen zu müssen.</p>

Clic-Clac-Prinzip - Wechseln Sie Ihre Poster in Sekundenschnelle, ohne den Rahmen entfernen zu müssen.
